Last updated on 2025-02-21 02:52:22 CET.
Flavor | Version | Tinstall | Tcheck | Ttotal | Status | Flags |
---|---|---|---|---|---|---|
r-devel-linux-x86_64-debian-clang | 0.0.3 | 109.42 | 18.88 | 128.30 | OK | |
r-devel-linux-x86_64-debian-gcc | 0.0.3 | 85.74 | 15.34 | 101.08 | OK | |
r-devel-linux-x86_64-fedora-clang | 0.0.3 | 193.89 | OK | |||
r-devel-linux-x86_64-fedora-gcc | 0.0.3 | 193.51 | OK | |||
r-devel-macos-x86_64 | 0.0.3 | 83.00 | OK | |||
r-devel-windows-x86_64 | 0.0.3 | 100.00 | 67.00 | 167.00 | OK | |
r-patched-linux-x86_64 | 0.0.3 | 108.39 | 18.11 | 126.50 | OK | |
r-release-linux-x86_64 | 0.0.3 | 106.90 | 17.91 | 124.81 | OK | |
r-release-macos-arm64 | 0.0.3 | 12.00 | ERROR | |||
r-release-macos-x86_64 | 0.0.3 | 89.00 | NOTE | |||
r-release-windows-x86_64 | 0.0.3 | 102.00 | 62.00 | 164.00 | OK | |
r-oldrel-macos-arm64 | 0.0.3 | 14.00 | ERROR | |||
r-oldrel-macos-x86_64 | 0.0.3 | 89.00 | NOTE | |||
r-oldrel-windows-x86_64 | 0.0.3 | 125.00 | 73.00 | 198.00 | OK |
Version: 0.0.3
Check: whether package can be installed
Result: ERROR
Installation failed.
Flavors: r-release-macos-arm64, r-oldrel-macos-arm64
Version: 0.0.3
Check: installed package size
Result: NOTE
installed size is 7.3Mb
sub-directories of 1Mb or more:
libs 7.2Mb
Flavors: r-release-macos-x86_64, r-oldrel-macos-x86_64