Last updated on 2025-02-18 02:50:47 CET.
Flavor | Version | Tinstall | Tcheck | Ttotal | Status | Flags |
---|---|---|---|---|---|---|
r-devel-linux-x86_64-debian-clang | 2.4.36 | 17.94 | 138.04 | 155.98 | NOTE | |
r-devel-linux-x86_64-debian-gcc | 2.5.0 | 13.05 | 91.74 | 104.79 | OK | |
r-devel-linux-x86_64-fedora-clang | 2.5.0 | 257.51 | OK | |||
r-devel-linux-x86_64-fedora-gcc | 2.5.0 | 240.38 | OK | |||
r-devel-macos-arm64 | 2.4.36 | 62.00 | OK | |||
r-devel-macos-x86_64 | 2.5.0 | 129.00 | OK | |||
r-devel-windows-x86_64 | 2.5.0 | 19.00 | 163.00 | 182.00 | OK | |
r-patched-linux-x86_64 | 2.5.0 | 21.73 | 130.22 | 151.95 | OK | |
r-release-linux-x86_64 | 2.5.0 | 18.87 | 132.11 | 150.98 | OK | |
r-release-macos-arm64 | 2.4.36 | 61.00 | OK | |||
r-release-macos-x86_64 | 2.5.0 | 122.00 | OK | |||
r-release-windows-x86_64 | 2.5.0 | 23.00 | 168.00 | 191.00 | OK | |
r-oldrel-macos-arm64 | 2.4.36 | 66.00 | OK | |||
r-oldrel-macos-x86_64 | 2.4.36 | 134.00 | OK | |||
r-oldrel-windows-x86_64 | 2.4.36 | 25.00 | 189.00 | 214.00 | OK |
Version: 2.4.36
Check: Rd cross-references
Result: NOTE
Found the following Rd file(s) with Rd \link{} targets missing package
anchors:
groupwiseMean.Rd: boot.ci
groupwisePercentile.Rd: boot.ci
Please provide package anchors for all Rd \link{} targets not in the
package itself and the base packages.
Flavor: r-devel-linux-x86_64-debian-clang