Last updated on 2024-05-21 02:54:36 CEST.
Flavor | Version | Tinstall | Tcheck | Ttotal | Status | Flags |
---|---|---|---|---|---|---|
r-devel-linux-x86_64-debian-clang | 1.3 | 8.96 | 69.81 | 78.77 | OK | |
r-devel-linux-x86_64-debian-gcc | 1.3 | 4.86 | 51.17 | 56.03 | OK | |
r-devel-linux-x86_64-fedora-clang | 1.3 | 102.15 | NOTE | |||
r-devel-linux-x86_64-fedora-gcc | 1.3 | 103.25 | OK | |||
r-devel-windows-x86_64 | 1.3 | 8.00 | 79.00 | 87.00 | OK | |
r-patched-linux-x86_64 | 1.3 | 16.45 | 65.52 | 81.97 | OK | |
r-release-linux-x86_64 | 1.3 | 5.07 | 66.82 | 71.89 | OK | |
r-release-macos-arm64 | 1.3 | 40.00 | OK | |||
r-release-windows-x86_64 | 1.3 | 7.00 | 79.00 | 86.00 | OK | |
r-oldrel-macos-arm64 | 1.3 | 50.00 | OK | |||
r-oldrel-macos-x86_64 | 1.3 | 69.00 | OK | |||
r-oldrel-windows-x86_64 | 1.3 | 10.00 | 86.00 | 96.00 | OK |
Version: 1.3
Check: Rd cross-references
Result: NOTE
Undeclared package ‘remotes’ in Rd xrefs
Flavor: r-devel-linux-x86_64-fedora-clang