Last updated on 2025-02-21 02:52:22 CET.
Flavor | Version | Tinstall | Tcheck | Ttotal | Status | Flags |
---|---|---|---|---|---|---|
r-devel-linux-x86_64-debian-clang | 0.1.2 | 45.83 | 327.87 | 373.70 | OK | |
r-devel-linux-x86_64-debian-gcc | 0.1.2 | 30.95 | 215.83 | 246.78 | OK | |
r-devel-linux-x86_64-fedora-clang | 0.1.2 | 595.14 | OK | |||
r-devel-linux-x86_64-fedora-gcc | 0.1.2 | 583.59 | OK | |||
r-devel-macos-arm64 | 0.1.2 | 166.00 | OK | |||
r-devel-macos-x86_64 | 0.1.2 | 378.00 | OK | |||
r-devel-windows-x86_64 | 0.1.2 | 47.00 | 389.00 | 436.00 | OK | |
r-patched-linux-x86_64 | 0.1.2 | 44.88 | 301.92 | 346.80 | OK | |
r-release-linux-x86_64 | 0.1.2 | 46.91 | 299.19 | 346.10 | OK | |
r-release-macos-arm64 | 0.1.2 | 145.00 | NOTE | |||
r-release-macos-x86_64 | 0.1.2 | 231.00 | NOTE | |||
r-release-windows-x86_64 | 0.1.2 | 49.00 | 389.00 | 438.00 | OK | |
r-oldrel-macos-arm64 | 0.1.2 | 143.00 | NOTE | |||
r-oldrel-macos-x86_64 | 0.1.2 | 245.00 | NOTE | |||
r-oldrel-windows-x86_64 | 0.1.2 | 65.00 | 457.00 | 522.00 | OK |
Version: 0.1.2
Check: installed package size
Result: NOTE
installed size is 7.4Mb
sub-directories of 1Mb or more:
libs 4.9Mb
Flavors: r-release-macos-arm64, r-release-macos-x86_64, r-oldrel-macos-arm64, r-oldrel-macos-x86_64