Last updated on 2025-02-21 02:52:22 CET.
Flavor | Version | Tinstall | Tcheck | Ttotal | Status | Flags |
---|---|---|---|---|---|---|
r-devel-linux-x86_64-debian-clang | 1.3.2 | 18.33 | 134.75 | 153.08 | NOTE | |
r-devel-linux-x86_64-debian-gcc | 1.3.2 | 13.16 | 97.84 | 111.00 | NOTE | |
r-devel-linux-x86_64-fedora-clang | 1.3.2 | 250.11 | OK | |||
r-devel-linux-x86_64-fedora-gcc | 1.3.2 | 259.10 | OK | |||
r-devel-macos-arm64 | 1.3.2 | 104.00 | OK | |||
r-devel-macos-x86_64 | 1.3.2 | 157.00 | OK | |||
r-devel-windows-x86_64 | 1.3.2 | 18.00 | 136.00 | 154.00 | NOTE | |
r-patched-linux-x86_64 | 1.3.2 | 24.19 | 125.72 | 149.91 | OK | |
r-release-linux-x86_64 | 1.3.2 | 14.53 | 127.04 | 141.57 | OK | |
r-release-macos-arm64 | 1.3.2 | 90.00 | OK | |||
r-release-macos-x86_64 | 1.3.2 | 112.00 | OK | |||
r-release-windows-x86_64 | 1.3.2 | 17.00 | 136.00 | 153.00 | OK | |
r-oldrel-macos-arm64 | 1.3.2 | 77.00 | OK | |||
r-oldrel-macos-x86_64 | 1.3.2 | 123.00 | OK | |||
r-oldrel-windows-x86_64 | 1.3.2 | 21.00 | 143.00 | 164.00 | OK |
Version: 1.3.2
Check: Rd cross-references
Result: NOTE
Found the following Rd file(s) with Rd \link{} targets missing package
anchors:
mrd_est.Rd: vcovHC
mrd_impute.Rd: vcovHC
rd_est.Rd: vcovHC
rd_impute.Rd: vcovHC
Please provide package anchors for all Rd \link{} targets not in the
package itself and the base packages.
Flavors: r-devel-linux-x86_64-debian-clang, r-devel-linux-x86_64-debian-gcc, r-devel-windows-x86_64