Last updated on 2024-05-21 14:57:21 CEST.
Flavor | Version | Tinstall | Tcheck | Ttotal | Status | Flags |
---|---|---|---|---|---|---|
r-devel-linux-x86_64-debian-clang | 0.4.14 | 5.44 | 81.04 | 86.48 | NOTE | |
r-devel-linux-x86_64-debian-gcc | 0.4.14 | 4.96 | 61.36 | 66.32 | NOTE | |
r-devel-linux-x86_64-fedora-clang | 0.4.14 | 110.60 | NOTE | |||
r-devel-linux-x86_64-fedora-gcc | 0.4.14 | 118.58 | NOTE | |||
r-devel-windows-x86_64 | 0.4.14 | 9.00 | 83.00 | 92.00 | NOTE | |
r-patched-linux-x86_64 | 0.4.14 | 9.78 | 76.29 | 86.07 | NOTE | |
r-release-linux-x86_64 | 0.4.14 | 5.27 | 78.82 | 84.09 | NOTE | |
r-release-macos-arm64 | 0.4.14 | 41.00 | NOTE | |||
r-release-windows-x86_64 | 0.4.14 | 9.00 | 82.00 | 91.00 | NOTE | |
r-oldrel-macos-arm64 | 0.4.14 | 36.00 | OK | |||
r-oldrel-macos-x86_64 | 0.4.14 | 81.00 | OK | |||
r-oldrel-windows-x86_64 | 0.4.14 | 10.00 | 91.00 | 101.00 | OK |
Version: 0.4.14
Check: Rd files
Result: NOTE
checkRd: (-1) read_awe.Rd:21: Lost braces in \itemize; meant \describe ?
checkRd: (-1) read_awe.Rd:22: Lost braces in \itemize; meant \describe ?
checkRd: (-1) read_awe.Rd:23: Lost braces in \itemize; meant \describe ?
checkRd: (-1) read_payrolls.Rd:16-17: Lost braces in \itemize; meant \describe ?
checkRd: (-1) read_payrolls.Rd:18-19: Lost braces in \itemize; meant \describe ?
checkRd: (-1) read_payrolls.Rd:20: Lost braces in \itemize; meant \describe ?
checkRd: (-1) read_payrolls.Rd:21-22: Lost braces in \itemize; meant \describe ?
checkRd: (-1) read_payrolls.Rd:23-24: Lost braces in \itemize; meant \describe ?
checkRd: (-1) read_payrolls.Rd:25-26: Lost braces in \itemize; meant \describe ?
checkRd: (-1) read_payrolls.Rd:27-28: Lost braces in \itemize; meant \describe ?
checkRd: (-1) read_payrolls.Rd:29: Lost braces in \itemize; meant \describe ?
Flavors: r-devel-linux-x86_64-debian-clang, r-devel-linux-x86_64-debian-gcc, r-devel-linux-x86_64-fedora-clang, r-devel-linux-x86_64-fedora-gcc, r-devel-windows-x86_64, r-patched-linux-x86_64, r-release-linux-x86_64, r-release-macos-arm64, r-release-windows-x86_64