Last updated on 2024-05-21 02:54:36 CEST.
Flavor | Version | Tinstall | Tcheck | Ttotal | Status | Flags |
---|---|---|---|---|---|---|
r-devel-linux-x86_64-debian-clang | 2.15.0 | 55.28 | 254.71 | 309.99 | OK | |
r-devel-linux-x86_64-debian-gcc | 2.15.0 | 42.94 | 183.78 | 226.72 | OK | |
r-devel-linux-x86_64-fedora-clang | 2.15.0 | 378.71 | OK | |||
r-devel-linux-x86_64-fedora-gcc | 2.15.0 | 403.09 | OK | |||
r-devel-windows-x86_64 | 2.15.0 | 43.00 | 260.00 | 303.00 | OK | |
r-patched-linux-x86_64 | 2.15.0 | 62.92 | 252.14 | 315.06 | OK | |
r-release-linux-x86_64 | 2.15.0 | 59.97 | 250.27 | 310.24 | OK | |
r-release-macos-arm64 | 2.15.0 | 100.00 | NOTE | |||
r-release-windows-x86_64 | 2.15.0 | 46.00 | 252.00 | 298.00 | OK | |
r-oldrel-macos-arm64 | 2.15.0 | 150.00 | NOTE | |||
r-oldrel-macos-x86_64 | 2.15.0 | 349.00 | NOTE | |||
r-oldrel-windows-x86_64 | 2.15.0 | 49.00 | 313.00 | 362.00 | OK |
Version: 2.15.0
Check: installed package size
Result: NOTE
installed size is 5.6Mb
sub-directories of 1Mb or more:
R 2.1Mb
data 1.7Mb
Flavors: r-release-macos-arm64, r-oldrel-macos-arm64, r-oldrel-macos-x86_64