Last updated on 2025-05-22 02:51:52 CEST.
Flavor | Version | Tinstall | Tcheck | Ttotal | Status | Flags |
---|---|---|---|---|---|---|
r-devel-linux-x86_64-debian-clang | 1.3.0 | 25.11 | 461.40 | 486.51 | OK | |
r-devel-linux-x86_64-debian-gcc | 1.3.0 | 16.99 | 311.24 | 328.23 | OK | |
r-devel-linux-x86_64-fedora-clang | 1.3.1 | 759.38 | OK | |||
r-devel-linux-x86_64-fedora-gcc | 1.3.1 | 754.23 | OK | |||
r-devel-windows-x86_64 | 1.3.0 | 29.00 | 482.00 | 511.00 | OK | |
r-patched-linux-x86_64 | 1.3.0 | 31.03 | 441.18 | 472.21 | OK | |
r-release-linux-x86_64 | 1.3.0 | 25.95 | 438.87 | 464.82 | OK | |
r-release-macos-arm64 | 1.3.0 | 184.00 | OK | |||
r-release-macos-x86_64 | 1.3.1 | 366.00 | ERROR | |||
r-release-windows-x86_64 | 1.3.0 | 27.00 | 459.00 | 486.00 | OK | |
r-oldrel-macos-arm64 | 1.3.0 | 196.00 | OK | |||
r-oldrel-macos-x86_64 | 1.3.0 | 388.00 | OK | |||
r-oldrel-windows-x86_64 | 1.3.0 | 37.00 | 580.00 | 617.00 | OK |
Version: 1.3.1
Check: tests
Result: ERROR
Running ‘testthat.R’ [106s/117s]
Running the tests in ‘tests/testthat.R’ failed.
Complete output:
> library(testthat)
> library(recipes)
Loading required package: dplyr
Attaching package: 'dplyr'
The following object is masked from 'package:testthat':
matches
The following objects are masked from 'package:stats':
filter, lag
The following objects are masked from 'package:base':
intersect, setdiff, setequal, union
Attaching package: 'recipes'
The following object is masked from 'package:stats':
step
>
> test_check("recipes")
[ FAIL 2 | WARN 28 | SKIP 694 | PASS 2532 ]
══ Skipped tests (694) ═════════════════════════════════════════════════════════
• On CRAN (694): 'test-BoxCox.R:146:3', 'test-BoxCox.R:152:3',
'test-BoxCox.R:179:3', 'test-BoxCox.R:186:3', 'test-BoxCox.R:223:3',
'test-YeoJohnson.R:156:3', 'test-YeoJohnson.R:172:3',
'test-YeoJohnson.R:179:3', 'test-YeoJohnson.R:216:3',
'test-YeoJohnson.R:221:3', 'test-arrange.R:89:3', 'test-arrange.R:126:3',
'test-basics.R:328:3', 'test-basics.R:338:3', 'test-basics.R:370:3',
'test-basics.R:435:3', 'test-basics.R:475:3', 'test-basics.R:501:3',
'test-basics.R:519:3', 'test-basics.R:583:3', 'test-basics.R:615:3',
'test-basics.R:644:3', 'test-basics.R:653:3', 'test-basics.R:698:3',
'test-basics.R:713:3', 'test-basics.R:734:3', 'test-basics.R:765:3',
'test-basics.R:774:3', 'test-basics.R:783:3', 'test-basics.R:792:3',
'test-basics.R:799:3', 'test-basics.R:806:3', 'test-basics.R:813:3',
'test-basics.R:820:3', 'test-basics.R:831:3', 'test-basics.R:838:3',
'test-bin2factor.R:34:3', 'test-bin2factor.R:50:3', 'test-bin2factor.R:79:3',
'test-bin2factor.R:86:3', 'test-bin2factor.R:123:3', 'test-bs.R:114:3',
'test-bs.R:148:3', 'test-bs.R:166:3', 'test-bs.R:173:3', 'test-bs.R:238:3',
'test-bs.R:251:3', 'test-case-weight-functions.R:140:3',
'test-case-weight-functions.R:154:3', 'test-case-weight-functions.R:164:3',
'test-center.R:100:3', 'test-center.R:121:3', 'test-center.R:144:3',
'test-center.R:151:3', 'test-center.R:188:3', 'test-class.R:19:3',
'test-class.R:35:3', 'test-class.R:46:3', 'test-class.R:100:3',
'test-class.R:119:3', 'test-class.R:126:3', 'test-class.R:163:3',
'test-class.R:168:3', 'test-classdist.R:95:3', 'test-classdist.R:126:3',
'test-classdist.R:189:3', 'test-classdist.R:231:3', 'test-classdist.R:238:3',
'test-classdist.R:325:3', 'test-classdist.R:338:3', 'test-classdist.R:343:3',
'test-classdist_shrunken.R:78:3', 'test-classdist_shrunken.R:182:3',
'test-classdist_shrunken.R:224:3', 'test-classdist_shrunken.R:231:3',
'test-classdist_shrunken.R:320:3', 'test-colcheck.R:45:3',
'test-colcheck.R:123:3', 'test-colcheck.R:182:3', 'test-colcheck.R:219:3',
'test-corr.R:41:3', 'test-corr.R:56:3', 'test-corr.R:106:3',
'test-corr.R:142:3', 'test-corr.R:161:3', 'test-corr.R:199:3',
'test-corr.R:215:3', 'test-count.R:50:3', 'test-count.R:64:3',
'test-count.R:71:3', 'test-count.R:136:3', 'test-count.R:157:3',
'test-count.R:167:3', 'test-count.R:247:3', 'test-count.R:260:3',
'test-count.R:268:3', 'test-cut.R:4:3', 'test-cut.R:39:3',
'test-cut.R:189:3', 'test-cut.R:226:3', 'test-cut.R:255:3',
'test-cut.R:262:3', 'test-cut.R:299:3', 'test-date.R:123:3',
'test-date.R:213:3', 'test-date.R:247:3', 'test-date.R:257:3',
'test-date.R:327:3', 'test-date.R:340:3', 'test-date.R:345:3',
'test-deprec-impute_bag.R:2:3', 'test-deprec-impute_knn.R:2:3',
'test-deprec-impute_lower.R:2:3', 'test-deprec-impute_median.R:2:3',
'test-deprec-impute_mena.R:2:3', 'test-deprec-impute_mode.R:2:3',
'test-deprec-impute_roll.R:2:3', 'test-depth.R:94:3', 'test-depth.R:114:3',
'test-depth.R:129:3', 'test-depth.R:179:3', 'test-depth.R:187:3',
'test-depth.R:261:3', 'test-depth.R:275:3', 'test-discretize.R:54:3',
'test-discretize.R:58:3', 'test-discretize.R:134:3',
'test-discretize.R:150:3', 'test-discretize.R:184:3',
'test-discretize.R:215:3', 'test-discretize.R:232:3',
'test-discretize.R:239:3', 'test-discretize.R:276:3',
'test-discretize.R:296:3', 'test-dummy.R:78:3', 'test-dummy.R:85:3',
'test-dummy.R:247:3', 'test-dummy.R:296:3', 'test-dummy.R:348:3',
'test-dummy.R:433:3', 'test-dummy.R:463:3', 'test-dummy.R:528:3',
'test-dummy.R:551:3', 'test-dummy.R:568:3', 'test-dummy.R:575:3',
'test-dummy.R:588:3', 'test-dummy.R:676:3', 'test-dummy.R:686:3',
'test-dummy.R:751:3', 'test-dummy.R:764:3', 'test-dummy.R:772:3',
'test-dummy_extract.R:93:3', 'test-dummy_extract.R:250:3',
'test-dummy_extract.R:292:3', 'test-dummy_extract.R:377:3',
'test-dummy_extract.R:387:3', 'test-dummy_extract.R:460:3',
'test-dummy_extract.R:473:3', 'test-dummy_extract.R:478:3',
'test-dummy_multi_choice.R:77:3', 'test-dummy_multi_choice.R:87:3',
'test-dummy_multi_choice.R:238:3', 'test-dummy_multi_choice.R:245:3',
'test-dummy_multi_choice.R:310:3', 'test-dummy_multi_choice.R:323:3',
'test-dummy_multi_choice.R:342:3', 'test-extension_check.R:2:3',
'test-extract-dials.R:67:3', 'test-extract-dials.R:80:3',
'test-extract_fit_time.R:28:3', 'test-extract_parameter.R:13:3',
'test-factor2string.R:25:3', 'test-factor2string.R:42:3',
'test-factor2string.R:49:3', 'test-factor2string.R:86:3',
'test-filter.R:127:3', 'test-filter.R:164:3', 'test-filter_missing.R:77:3',
'test-filter_missing.R:124:3', 'test-filter_missing.R:161:3',
'test-filter_missing.R:180:3', 'test-format.R:69:3', 'test-formula.R:20:3',
'test-formula.R:108:3', 'test-geodist.R:85:3', 'test-geodist.R:208:3',
'test-geodist.R:220:3', 'test-geodist.R:300:3', 'test-geodist.R:310:3',
'test-geodist.R:403:3', 'test-geodist.R:423:3', 'test-harmonic.R:21:3',
'test-harmonic.R:226:3', 'test-harmonic.R:240:3', 'test-harmonic.R:256:3',
'test-harmonic.R:277:3', 'test-harmonic.R:343:3', 'test-harmonic.R:384:3',
'test-harmonic.R:391:3', 'test-harmonic.R:473:3', 'test-harmonic.R:486:3',
'test-holiday.R:182:3', 'test-holiday.R:189:3', 'test-holiday.R:251:3',
'test-holiday.R:258:3', 'test-holiday.R:331:3', 'test-holiday.R:344:3',
'test-hyperbolic.R:56:3', 'test-hyperbolic.R:70:3', 'test-hyperbolic.R:80:3',
'test-hyperbolic.R:122:3', 'test-ica.R:121:3', 'test-ica.R:135:3',
'test-ica.R:180:3', 'test-ica.R:193:3', 'test-ica.R:223:3',
'test-ica.R:237:3', 'test-ica.R:323:3', 'test-ica.R:344:3',
'test-ica.R:368:3', 'test-impute_bag.R:130:3', 'test-impute_bag.R:144:3',
'test-impute_bag.R:154:3', 'test-impute_bag.R:163:3',
'test-impute_bag.R:172:3', 'test-impute_bag.R:226:3',
'test-impute_bag.R:236:3', 'test-impute_bag.R:276:3',
'test-impute_bag.R:295:3', 'test-impute_knn.R:179:3',
'test-impute_knn.R:201:3', 'test-impute_knn.R:215:3',
'test-impute_knn.R:222:3', 'test-impute_knn.R:263:3',
'test-impute_knn.R:272:3', 'test-impute_knn.R:321:3',
'test-impute_knn.R:331:3', 'test-impute_knn.R:380:3',
'test-impute_knn.R:399:3', 'test-impute_linear.R:65:3',
'test-impute_linear.R:122:3', 'test-impute_linear.R:152:3',
'test-impute_linear.R:163:3', 'test-impute_linear.R:172:3',
'test-impute_linear.R:181:3', 'test-impute_linear.R:228:3',
'test-impute_linear.R:238:3', 'test-impute_linear.R:275:3',
'test-impute_lower.R:54:3', 'test-impute_lower.R:72:3',
'test-impute_lower.R:82:3', 'test-impute_lower.R:119:3',
'test-impute_mean.R:87:3', 'test-impute_mean.R:171:3',
'test-impute_mean.R:235:3', 'test-impute_mean.R:242:3',
'test-impute_mean.R:279:3', 'test-impute_mean.R:298:3',
'test-impute_median.R:70:3', 'test-impute_median.R:104:3',
'test-impute_median.R:151:3', 'test-impute_median.R:158:3',
'test-impute_median.R:195:3', 'test-impute_mode.R:67:3',
'test-impute_mode.R:93:3', 'test-impute_mode.R:118:3',
'test-impute_mode.R:154:3', 'test-impute_mode.R:161:3',
'test-impute_mode.R:198:3', 'test-impute_roll.R:71:3',
'test-impute_roll.R:121:3', 'test-impute_roll.R:131:3',
'test-impute_roll.R:169:3', 'test-impute_roll.R:189:3',
'test-indicate_na.R:114:3', 'test-indicate_na.R:176:3',
'test-indicate_na.R:183:3', 'test-indicate_na.R:248:3',
'test-indicate_na.R:261:3', 'test-integer.R:93:3', 'test-integer.R:103:3',
'test-integer.R:140:3', 'test-integer.R:145:3', 'test-interact.R:185:3',
'test-interact.R:329:3', 'test-interact.R:340:3', 'test-interact.R:381:3',
'test-interact.R:391:3', 'test-interact.R:456:3', 'test-interact.R:469:3',
'test-interact.R:474:3', 'test-intercept.R:34:3', 'test-intercept.R:62:3',
'test-intercept.R:98:3', 'test-inverse.R:48:3', 'test-inverse.R:55:3',
'test-inverse.R:92:3', 'test-inverse.R:97:3', 'test-invlogit.R:39:3',
'test-invlogit.R:49:3', 'test-invlogit.R:85:3', 'test-isomap.R:51:3',
'test-isomap.R:76:3', 'test-isomap.R:100:3', 'test-isomap.R:120:3',
'test-isomap.R:155:3', 'test-isomap.R:173:3', 'test-isomap.R:194:3',
'test-isomap.R:228:3', 'test-isomap.R:275:3', 'test-isomap.R:298:3',
'test-isomap.R:328:3', 'test-isomap.R:349:3', 'test-kpca.R:53:3',
'test-kpca.R:76:3', 'test-kpca.R:103:3', 'test-kpca.R:114:3',
'test-kpca.R:134:3', 'test-kpca.R:141:3', 'test-kpca.R:208:3',
'test-kpca.R:223:3', 'test-kpca.R:230:3', 'test-kpca_poly.R:60:3',
'test-kpca_poly.R:71:3', 'test-kpca_poly.R:118:3', 'test-kpca_poly.R:138:3',
'test-kpca_poly.R:147:3', 'test-kpca_poly.R:218:3', 'test-kpca_poly.R:233:3',
'test-kpca_poly.R:257:3', 'test-kpca_rbf.R:60:3', 'test-kpca_rbf.R:71:3',
'test-kpca_rbf.R:115:3', 'test-kpca_rbf.R:135:3', 'test-kpca_rbf.R:142:3',
'test-kpca_rbf.R:209:3', 'test-kpca_rbf.R:224:3', 'test-kpca_rbf.R:246:3',
'test-lag.R:40:3', 'test-lag.R:112:3', 'test-lag.R:119:3',
'test-lag.R:184:3', 'test-lag.R:197:3', 'test-lincomb.R:99:3',
'test-lincomb.R:136:3', 'test-lincomb.R:141:3', 'test-log.R:57:3',
'test-log.R:70:3', 'test-log.R:77:3', 'test-log.R:114:3', 'test-log.R:119:3',
'test-logit.R:44:3', 'test-logit.R:57:3', 'test-logit.R:64:3',
'test-logit.R:101:3', 'test-logit.R:106:3', 'test-matrix.R:58:3',
'test-misc.R:13:3', 'test-misc.R:31:3', 'test-misc.R:35:3',
'test-misc.R:122:3', 'test-misc.R:131:3', 'test-misc.R:138:3',
'test-misc.R:149:3', 'test-misc.R:162:3', 'test-misc.R:208:3',
'test-misc.R:297:3', 'test-misc.R:328:3', 'test-missing.R:28:3',
'test-missing.R:35:3', 'test-missing.R:45:3', 'test-missing.R:58:3',
'test-missing.R:65:3', 'test-missing.R:102:3', 'test-mutate.R:64:3',
'test-mutate.R:125:3', 'test-mutate.R:166:3', 'test-mutate.R:190:3',
'test-mutate_at.R:73:3', 'test-mutate_at.R:95:3', 'test-mutate_at.R:132:3',
'test-naomit.R:61:3', 'test-naomit.R:68:3', 'test-naomit.R:105:3',
'test-newvalues.R:13:3', 'test-newvalues.R:20:3', 'test-newvalues.R:31:3',
'test-newvalues.R:43:3', 'test-newvalues.R:55:3', 'test-newvalues.R:80:3',
'test-newvalues.R:104:3', 'test-newvalues.R:114:3', 'test-newvalues.R:150:3',
'test-newvalues.R:156:3', 'test-newvalues.R:162:3', 'test-newvalues.R:168:3',
'test-newvalues.R:174:3', 'test-newvalues.R:187:3', 'test-newvalues.R:194:3',
'test-newvalues.R:231:3', 'test-newvalues.R:236:3',
'test-nnmf_sparse.R:11:3', 'test-nnmf_sparse.R:42:3',
'test-nnmf_sparse.R:55:3', 'test-nnmf_sparse.R:66:3',
'test-nnmf_sparse.R:86:3', 'test-nnmf_sparse.R:95:3',
'test-nnmf_sparse.R:173:3', 'test-nnmf_sparse.R:188:3',
'test-nnmf_sparse.R:195:3', 'test-nomial_types.R:135:3',
'test-nomial_types.R:152:3', 'test-nomial_types.R:168:3',
'test-normalize.R:71:3', 'test-normalize.R:110:3', 'test-normalize.R:132:3',
'test-normalize.R:158:3', 'test-normalize.R:182:3', 'test-normalize.R:189:3',
'test-normalize.R:231:3', 'test-novel.R:77:3', 'test-novel.R:115:3',
'test-novel.R:122:3', 'test-novel.R:159:3', 'test-ns.R:117:3',
'test-ns.R:151:3', 'test-ns.R:169:3', 'test-ns.R:176:3', 'test-ns.R:241:3',
'test-ns.R:254:3', 'test-num2factor.R:38:3', 'test-num2factor.R:67:3',
'test-num2factor.R:74:3', 'test-num2factor.R:111:3', 'test-nzv.R:65:3',
'test-nzv.R:72:3', 'test-nzv.R:122:3', 'test-nzv.R:197:3',
'test-nzv.R:234:3', 'test-nzv.R:254:3', 'test-ordinalscore.R:62:3',
'test-ordinalscore.R:78:3', 'test-ordinalscore.R:85:3',
'test-ordinalscore.R:122:3', 'test-ordinalscore.R:127:3',
'test-other.R:253:3', 'test-other.R:283:3', 'test-other.R:290:3',
'test-other.R:366:3', 'test-other.R:408:3', 'test-other.R:415:3',
'test-other.R:456:3', 'test-pca.R:100:3', 'test-pca.R:168:3',
'test-pca.R:199:3', 'test-pca.R:209:3', 'test-pca.R:256:3',
'test-pca.R:301:3', 'test-pca.R:338:3', 'test-pca.R:348:3',
'test-pca.R:418:3', 'test-pca.R:434:3', 'test-pca.R:454:3',
'test-percentile.R:156:3', 'test-percentile.R:201:3',
'test-percentile.R:242:3', 'test-percentile.R:260:3',
'test-percentile.R:270:3', 'test-percentile.R:312:3', 'test-pkg_check.R:2:3',
'test-pls.R:137:3', 'test-pls.R:173:3', 'test-pls.R:296:3',
'test-pls.R:305:3', 'test-pls.R:350:3', 'test-pls.R:360:3',
'test-pls.R:370:3', 'test-pls.R:381:3', 'test-pls.R:426:3',
'test-pls.R:433:3', 'test-pls.R:505:3', 'test-pls.R:519:3',
'test-pls.R:542:3', 'test-pls_old.R:29:3', 'test-poly.R:78:3',
'test-poly.R:100:3', 'test-poly.R:123:3', 'test-poly.R:147:3',
'test-poly.R:154:3', 'test-poly.R:219:3', 'test-poly.R:235:3',
'test-poly.R:254:3', 'test-poly_bernstein.R:91:3',
'test-poly_bernstein.R:123:3', 'test-poly_bernstein.R:141:3',
'test-poly_bernstein.R:148:3', 'test-poly_bernstein.R:220:3',
'test-poly_bernstein.R:241:3', 'test-profile.R:70:3', 'test-profile.R:141:3',
'test-profile.R:149:3', 'test-profile.R:195:3', 'test-profile.R:230:3',
'test-ptype.R:193:3', 'test-range.R:223:3', 'test-range.R:229:3',
'test-range.R:250:3', 'test-range.R:260:3', 'test-range.R:302:3',
'test-range.R:307:3', 'test-range_check.R:7:3', 'test-range_check.R:16:3',
'test-range_check.R:44:3', 'test-range_check.R:67:3',
'test-range_check.R:74:3', 'test-range_check.R:111:3', 'test-ratio.R:119:3',
'test-ratio.R:137:3', 'test-ratio.R:144:3', 'test-ratio.R:190:3',
'test-ratio.R:197:3', 'test-ratio.R:262:3', 'test-ratio.R:275:3',
'test-ratio.R:280:3', 'test-regex.R:40:3', 'test-regex.R:54:3',
'test-regex.R:64:3', 'test-regex.R:72:3', 'test-regex.R:137:3',
'test-regex.R:158:3', 'test-regex.R:165:3', 'test-regex.R:240:3',
'test-regex.R:253:3', 'test-regex.R:258:3', 'test-relevel.R:25:3',
'test-relevel.R:66:3', 'test-relevel.R:73:3', 'test-relevel.R:110:3',
'test-relu.R:64:3', 'test-relu.R:102:3', 'test-relu.R:109:3',
'test-relu.R:151:3', 'test-rename.R:75:3', 'test-rename.R:112:3',
'test-rename_at.R:36:3', 'test-rename_at.R:40:3', 'test-rename_at.R:82:3',
'test-rename_at.R:119:3', 'test-retraining.R:29:3', 'test-rm.R:75:3',
'test-rm.R:191:3', 'test-rm.R:228:3', 'test-roles.R:41:3',
'test-roles.R:183:3', 'test-roles.R:207:3', 'test-roles.R:229:3',
'test-roles.R:236:3', 'test-roles.R:242:3', 'test-roles.R:253:3',
'test-roles.R:340:3', 'test-roles.R:372:3', 'test-roles.R:526:3',
'test-roles.R:576:3', 'test-roles.R:600:3', 'test-sample.R:72:3',
'test-sample.R:122:3', 'test-sample.R:137:3', 'test-sample.R:176:3',
'test-sample.R:206:3', 'test-scale.R:78:3', 'test-scale.R:102:3',
'test-scale.R:134:3', 'test-scale.R:141:3', 'test-scale.R:158:3',
'test-scale.R:207:3', 'test-scale.R:214:3', 'test-scale.R:251:3',
'test-select.R:138:3', 'test-select.R:163:3', 'test-select.R:180:3',
'test-select.R:189:3', 'test-select.R:223:3', 'test-selections.R:242:3',
'test-selections.R:511:3', 'test-shuffle.R:67:3', 'test-shuffle.R:94:3',
'test-shuffle.R:101:3', 'test-shuffle.R:138:3', 'test-skipping.R:18:3',
'test-slice.R:86:3', 'test-slice.R:119:3', 'test-slice.R:156:3',
'test-sparsevctrs.R:171:3', 'test-sparsity.R:58:3',
'test-spatialsign.R:27:3', 'test-spatialsign.R:81:3',
'test-spatialsign.R:111:3', 'test-spatialsign.R:121:3',
'test-spatialsign.R:163:3', 'test-spline_b.R:100:3', 'test-spline_b.R:122:3',
'test-spline_b.R:167:3', 'test-spline_b.R:178:3', 'test-spline_b.R:196:3',
'test-spline_b.R:203:3', 'test-spline_b.R:275:3', 'test-spline_b.R:297:3',
'test-spline_convex.R:105:3', 'test-spline_convex.R:132:3',
'test-spline_convex.R:177:3', 'test-spline_convex.R:188:3',
'test-spline_convex.R:206:3', 'test-spline_convex.R:213:3',
'test-spline_convex.R:285:3', 'test-spline_convex.R:307:3',
'test-spline_monotone.R:110:3', 'test-spline_monotone.R:142:3',
'test-spline_monotone.R:187:3', 'test-spline_monotone.R:205:3',
'test-spline_monotone.R:212:3', 'test-spline_monotone.R:284:3',
'test-spline_monotone.R:306:3', 'test-spline_natural.R:92:3',
'test-spline_natural.R:137:3', 'test-spline_natural.R:148:3',
'test-spline_natural.R:166:3', 'test-spline_natural.R:173:3',
'test-spline_natural.R:245:3', 'test-spline_natural.R:266:3',
'test-spline_nonnegative.R:110:3', 'test-spline_nonnegative.R:142:3',
'test-spline_nonnegative.R:187:3', 'test-spline_nonnegative.R:198:3',
'test-spline_nonnegative.R:216:3', 'test-spline_nonnegative.R:223:3',
'test-spline_nonnegative.R:295:3', 'test-spline_nonnegative.R:317:3',
'test-sqrt.R:44:3', 'test-sqrt.R:51:3', 'test-sqrt.R:88:3',
'test-string2factor.R:39:3', 'test-string2factor.R:78:3',
'test-string2factor.R:85:3', 'test-string2factor.R:122:3',
'test-stringsAsFactors.R:26:3', 'test-stringsAsFactors.R:44:3',
'test-stringsAsFactors.R:64:3', 'test-stringsAsFactors.R:84:3',
'test-tidy.R:35:3', 'test-tidy.R:71:3', 'test-tidy.R:84:3',
'test-time.R:110:3', 'test-time.R:124:3', 'test-time.R:151:3',
'test-time.R:158:3', 'test-time.R:237:3', 'test-time.R:257:3',
'test-tune_args.R:2:3', 'test-tune_args.R:11:3', 'test-unknown.R:33:3',
'test-unknown.R:58:3', 'test-unknown.R:101:3', 'test-unknown.R:108:3',
'test-unknown.R:145:3', 'test-unorder.R:27:3', 'test-unorder.R:42:3',
'test-unorder.R:52:3', 'test-unorder.R:89:3',
'test-update-role-requirements.R:9:3',
'test-update-role-requirements.R:37:3',
'test-update-role-requirements.R:46:3',
'test-update-role-requirements.R:55:3',
'test-update-role-requirements.R:77:3',
'test-update-role-requirements.R:120:3',
'test-update-role-requirements.R:143:3',
'test-update-role-requirements.R:174:3',
'test-update-role-requirements.R:188:3',
'test-update-role-requirements.R:201:3',
'test-update-role-requirements.R:250:3',
'test-update-role-requirements.R:273:3',
'test-update-role-requirements.R:293:3',
'test-update-role-requirements.R:308:3', 'test-update.R:32:3',
'test-update.R:48:3', 'test-update.R:61:3', 'test-window.R:18:3',
'test-window.R:138:3', 'test-window.R:147:3', 'test-window.R:166:3',
'test-window.R:173:3', 'test-window.R:245:3', 'test-window.R:258:3',
'test-zv.R:116:3', 'test-zv.R:156:3'
══ Failed tests ════════════════════════════════════════════════════════════════
── Error ('test-basics.R:607:3'): case weights are being infered correctly for x interface ──
Error in `grDevices::pdf(new, ...)`: cannot open file '/var/folders/2b/t0kwbtmn3p7brv2mvx39c9cr0000gn/T//Rtmpg6yW5i/verify_exec_f5e511b2e4f8'
Backtrace:
▆
1. └─testthat::expect_snapshot(error = TRUE, recipe(mtcars2)) at test-basics.R:607:3
2. ├─testthat:::with_is_snapshotting(...)
3. └─testthat:::verify_exec(quo_get_expr(x), quo_get_env(x), replay)
4. └─withr::local_pdf(device_path)
5. └─grDevices::pdf(new, ...)
── Error ('test-dummy.R:376:3'): tests for NA values in ordered factor ─────────
Error in `file("", "w+b")`: cannot open the connection
Backtrace:
▆
1. └─testthat::expect_snapshot(factors <- prep(factors, training = sacr_ordered)) at test-dummy.R:376:3
2. ├─testthat:::with_is_snapshotting(...)
3. └─testthat:::verify_exec(quo_get_expr(x), quo_get_env(x), replay)
4. └─evaluate::evaluate(source, envir = env, new_device = FALSE, output_handler = handler)
5. └─evaluate:::watchout(...)
6. └─evaluate:::local_persistent_sink_connection(debug, frame)
7. └─base::file("", "w+b")
[ FAIL 2 | WARN 28 | SKIP 694 | PASS 2532 ]
Error: Test failures
Execution halted
Flavor: r-release-macos-x86_64