Last updated on 2024-05-21 14:57:21 CEST.
Flavor | Version | Tinstall | Tcheck | Ttotal | Status | Flags |
---|---|---|---|---|---|---|
r-devel-linux-x86_64-debian-clang | 1.0.0 | 11.03 | 132.09 | 143.12 | NOTE | |
r-devel-linux-x86_64-debian-gcc | 1.0.0 | 9.51 | 97.81 | 107.32 | NOTE | |
r-devel-linux-x86_64-fedora-clang | 1.0.0 | 176.67 | NOTE | |||
r-devel-linux-x86_64-fedora-gcc | 1.0.0 | 181.36 | NOTE | |||
r-devel-windows-x86_64 | 1.0.0 | 12.00 | 108.00 | 120.00 | NOTE | |
r-patched-linux-x86_64 | 1.0.0 | 7.90 | 126.69 | 134.59 | NOTE | |
r-release-linux-x86_64 | 1.0.0 | 7.89 | 125.96 | 133.85 | NOTE | |
r-release-macos-arm64 | 1.0.0 | 55.00 | NOTE | |||
r-release-windows-x86_64 | 1.0.0 | 11.00 | 109.00 | 120.00 | NOTE | |
r-oldrel-macos-arm64 | 1.0.0 | 64.00 | OK | |||
r-oldrel-macos-x86_64 | 1.0.0 | 110.00 | OK | |||
r-oldrel-windows-x86_64 | 1.0.0 | 15.00 | 130.00 | 145.00 | OK |
Version: 1.0.0
Check: Rd files
Result: NOTE
checkRd: (-1) pseudo.geefit.Rd:17: Lost braces in \itemize; \value handles \item{}{} directly
checkRd: (-1) pseudo.geefit.Rd:18: Lost braces in \itemize; \value handles \item{}{} directly
checkRd: (-1) pseudo.onedim.Rd:27: Lost braces in \itemize; \value handles \item{}{} directly
checkRd: (-1) pseudo.onedim.Rd:28: Lost braces in \itemize; \value handles \item{}{} directly
checkRd: (-1) pseudo.onedim.Rd:29: Lost braces in \itemize; \value handles \item{}{} directly
checkRd: (-1) pseudo.onedim.Rd:30: Lost braces in \itemize; \value handles \item{}{} directly
checkRd: (-1) pseudo.onedim.Rd:31: Lost braces in \itemize; \value handles \item{}{} directly
checkRd: (-1) pseudo.threedim.Rd:29: Lost braces in \itemize; \value handles \item{}{} directly
checkRd: (-1) pseudo.threedim.Rd:30: Lost braces in \itemize; \value handles \item{}{} directly
checkRd: (-1) pseudo.threedim.Rd:31: Lost braces in \itemize; \value handles \item{}{} directly
checkRd: (-1) pseudo.threedim.Rd:32: Lost braces in \itemize; \value handles \item{}{} directly
checkRd: (-1) pseudo.threedim.Rd:33: Lost braces in \itemize; \value handles \item{}{} directly
checkRd: (-1) pseudo.twodim.Rd:27: Lost braces in \itemize; \value handles \item{}{} directly
checkRd: (-1) pseudo.twodim.Rd:28: Lost braces in \itemize; \value handles \item{}{} directly
checkRd: (-1) pseudo.twodim.Rd:29: Lost braces in \itemize; \value handles \item{}{} directly
checkRd: (-1) pseudo.twodim.Rd:30: Lost braces in \itemize; \value handles \item{}{} directly
checkRd: (-1) pseudo.twodim.Rd:31: Lost braces in \itemize; \value handles \item{}{} directly
Flavors: r-devel-linux-x86_64-debian-clang, r-devel-linux-x86_64-debian-gcc, r-devel-linux-x86_64-fedora-clang, r-devel-linux-x86_64-fedora-gcc, r-devel-windows-x86_64, r-patched-linux-x86_64, r-release-linux-x86_64, r-release-macos-arm64, r-release-windows-x86_64