CRAN Package Check Results for Package redatam

Last updated on 2025-02-21 02:52:22 CET.

Flavor Version Tinstall Tcheck Ttotal Status Flags
r-devel-linux-x86_64-debian-clang 2.0.4 39.11 46.81 85.92 OK
r-devel-linux-x86_64-debian-gcc 2.0.4 32.20 34.74 66.94 OK
r-devel-linux-x86_64-fedora-clang 2.0.4 155.68 OK
r-devel-linux-x86_64-fedora-gcc 2.0.4 167.78 OK
r-devel-macos-arm64 2.0.4 48.00 OK
r-devel-macos-x86_64 2.1.1 96.00 OK
r-devel-windows-x86_64 2.0.4 55.00 86.00 141.00 OK
r-patched-linux-x86_64 2.0.4 42.69 43.29 85.98 OK
r-release-linux-x86_64 2.0.4 42.25 42.76 85.01 OK
r-release-macos-arm64 2.0.4 209.00 OK
r-release-macos-x86_64 2.1.1 80.00 NOTE
r-release-windows-x86_64 2.0.4 55.00 86.00 141.00 OK
r-oldrel-macos-arm64 2.0.4 214.00 OK
r-oldrel-macos-x86_64 2.1.1 86.00 NOTE
r-oldrel-windows-x86_64 2.0.4 66.00 94.00 160.00 OK

Check Details

Version: 2.1.1
Check: installed package size
Result: NOTE installed size is 5.4Mb sub-directories of 1Mb or more: libs 4.6Mb Flavors: r-release-macos-x86_64, r-oldrel-macos-x86_64