Last updated on 2025-02-21 02:52:22 CET.
Flavor | Version | Tinstall | Tcheck | Ttotal | Status | Flags |
---|---|---|---|---|---|---|
r-devel-linux-x86_64-debian-clang | 0.1.0 | 1.78 | 17.61 | 19.39 | NOTE | |
r-devel-linux-x86_64-debian-gcc | 0.1.0 | 1.44 | 14.71 | 16.15 | NOTE | |
r-devel-linux-x86_64-fedora-clang | 0.1.0 | 30.90 | NOTE | |||
r-devel-linux-x86_64-fedora-gcc | 0.1.0 | 29.45 | NOTE | |||
r-devel-macos-arm64 | 0.1.0 | 15.00 | NOTE | |||
r-devel-macos-x86_64 | 0.1.0 | 24.00 | NOTE | |||
r-devel-windows-x86_64 | 0.1.0 | 3.00 | 40.00 | 43.00 | NOTE | |
r-patched-linux-x86_64 | 0.1.0 | 1.92 | 16.94 | 18.86 | NOTE | |
r-release-linux-x86_64 | 0.1.0 | 1.62 | 17.06 | 18.68 | NOTE | |
r-release-macos-arm64 | 0.1.0 | 15.00 | NOTE | |||
r-release-macos-x86_64 | 0.1.0 | 20.00 | NOTE | |||
r-release-windows-x86_64 | 0.1.0 | 4.00 | 41.00 | 45.00 | NOTE | |
r-oldrel-macos-arm64 | 0.1.0 | 17.00 | OK | |||
r-oldrel-macos-x86_64 | 0.1.0 | 21.00 | OK | |||
r-oldrel-windows-x86_64 | 0.1.0 | 4.00 | 77.00 | 81.00 | OK |
Version: 0.1.0
Check: Rd files
Result: NOTE
checkRd: (-1) make_refreshable.Rd:13: Lost braces
13 | not that quotes need to be escaped (code{\"}).}
| ^
Flavors: r-devel-linux-x86_64-debian-clang, r-devel-linux-x86_64-debian-gcc, r-devel-linux-x86_64-fedora-clang, r-devel-linux-x86_64-fedora-gcc, r-devel-macos-arm64, r-devel-macos-x86_64, r-devel-windows-x86_64, r-patched-linux-x86_64, r-release-linux-x86_64, r-release-macos-arm64, r-release-macos-x86_64, r-release-windows-x86_64