Last updated on 2024-05-11 02:51:00 CEST.
Flavor | Version | Tinstall | Tcheck | Ttotal | Status | Flags |
---|---|---|---|---|---|---|
r-devel-linux-x86_64-debian-clang | 1.3.0 | 64.58 | 73.43 | 138.01 | OK | |
r-devel-linux-x86_64-debian-gcc | 1.3.0 | 53.37 | 51.50 | 104.87 | OK | |
r-devel-linux-x86_64-fedora-clang | 1.3.0 | 171.58 | OK | |||
r-devel-linux-x86_64-fedora-gcc | 1.3.0 | 245.77 | OK | |||
r-devel-windows-x86_64 | 1.3.0 | 45.00 | 92.00 | 137.00 | OK | |
r-patched-linux-x86_64 | 1.3.0 | 68.03 | 66.60 | 134.63 | OK | |
r-release-linux-x86_64 | 1.3.0 | 57.07 | 65.54 | 122.61 | OK | |
r-release-macos-arm64 | 1.3.0 | 37.00 | NOTE | |||
r-release-macos-x86_64 | 1.3.0 | 120.00 | NOTE | |||
r-release-windows-x86_64 | 1.3.0 | 47.00 | 91.00 | 138.00 | OK | |
r-oldrel-macos-arm64 | 1.3.0 | 55.00 | NOTE | |||
r-oldrel-macos-x86_64 | 1.3.0 | 122.00 | NOTE | |||
r-oldrel-windows-x86_64 | 1.3.0 | 62.00 | 107.00 | 169.00 | OK |
Version: 1.3.0
Check: installed package size
Result: NOTE
installed size is 6.2Mb
sub-directories of 1Mb or more:
libs 6.0Mb
Flavors: r-release-macos-arm64, r-release-macos-x86_64, r-oldrel-macos-arm64, r-oldrel-macos-x86_64