CRAN Package Check Results for Package rematch2

Last updated on 2025-02-21 02:52:22 CET.

Flavor Version Tinstall Tcheck Ttotal Status Flags
r-devel-linux-x86_64-debian-clang 2.1.2 3.46 31.54 35.00 OK
r-devel-linux-x86_64-debian-gcc 2.1.2 2.71 23.46 26.17 OK
r-devel-linux-x86_64-fedora-clang 2.1.2 56.08 OK
r-devel-linux-x86_64-fedora-gcc 2.1.2 53.13 OK
r-devel-macos-arm64 2.1.2 22.00 OK
r-devel-macos-x86_64 2.1.2 37.00 OK
r-devel-windows-x86_64 2.1.2 5.00 51.00 56.00 OK
r-patched-linux-x86_64 2.1.2 3.69 29.87 33.56 NOTE
r-release-linux-x86_64 2.1.2 3.23 29.94 33.17 NOTE
r-release-macos-arm64 2.1.2 22.00 NOTE
r-release-macos-x86_64 2.1.2 31.00 NOTE
r-release-windows-x86_64 2.1.2 5.00 54.00 59.00 NOTE
r-oldrel-macos-arm64 2.1.2 24.00 NOTE
r-oldrel-macos-x86_64 2.1.2 31.00 NOTE
r-oldrel-windows-x86_64 2.1.2 6.00 54.00 60.00 NOTE

Check Details

Version: 2.1.2
Check: LazyData
Result: NOTE 'LazyData' is specified without a 'data' directory Flavors: r-patched-linux-x86_64, r-release-linux-x86_64, r-release-macos-arm64, r-release-macos-x86_64, r-release-windows-x86_64, r-oldrel-macos-arm64, r-oldrel-macos-x86_64, r-oldrel-windows-x86_64