CRAN Package Check Results for Package repello

Last updated on 2025-02-21 02:52:23 CET.

Flavor Version Tinstall Tcheck Ttotal Status Flags
r-devel-linux-x86_64-debian-clang 1.0.1 4.20 37.31 41.51 OK
r-devel-linux-x86_64-debian-gcc 1.0.1 3.01 28.42 31.43 OK
r-devel-linux-x86_64-fedora-clang 1.0.1 66.32 OK
r-devel-linux-x86_64-fedora-gcc 1.0.1 75.87 OK
r-devel-macos-arm64 1.0.1 32.00 OK
r-devel-macos-x86_64 1.0.1 53.00 OK
r-devel-windows-x86_64 1.0.1 5.00 63.00 68.00 OK
r-patched-linux-x86_64 1.0.1 3.93 34.51 38.44 NOTE
r-release-linux-x86_64 1.0.1 4.14 34.41 38.55 NOTE
r-release-macos-arm64 1.0.1 29.00 NOTE
r-release-macos-x86_64 1.0.1 43.00 NOTE
r-release-windows-x86_64 1.0.1 5.00 57.00 62.00 NOTE
r-oldrel-macos-arm64 1.0.1 31.00 NOTE
r-oldrel-macos-x86_64 1.0.1 41.00 NOTE
r-oldrel-windows-x86_64 1.0.1 7.00 60.00 67.00 NOTE

Check Details

Version: 1.0.1
Check: LazyData
Result: NOTE 'LazyData' is specified without a 'data' directory Flavors: r-patched-linux-x86_64, r-release-linux-x86_64, r-release-macos-arm64, r-release-macos-x86_64, r-release-windows-x86_64, r-oldrel-macos-arm64, r-oldrel-macos-x86_64, r-oldrel-windows-x86_64