Last updated on 2025-02-20 14:51:06 CET.
Flavor | Version | Tinstall | Tcheck | Ttotal | Status | Flags |
---|---|---|---|---|---|---|
r-devel-linux-x86_64-debian-clang | 0.1.4 | 6.30 | 63.19 | 69.49 | OK | |
r-devel-linux-x86_64-debian-gcc | 0.1.4 | 4.15 | 36.50 | 40.65 | ERROR | |
r-devel-linux-x86_64-fedora-clang | 0.1.4 | 111.96 | OK | |||
r-devel-linux-x86_64-fedora-gcc | 0.1.4 | 121.86 | OK | |||
r-devel-macos-arm64 | 0.1.4 | 53.00 | OK | |||
r-devel-macos-x86_64 | 0.1.4 | 97.00 | OK | |||
r-devel-windows-x86_64 | 0.1.4 | 7.00 | 100.00 | 107.00 | OK | |
r-patched-linux-x86_64 | 0.1.4 | 5.63 | 57.47 | 63.10 | OK | |
r-release-linux-x86_64 | 0.1.4 | 5.06 | 57.56 | 62.62 | OK | |
r-release-macos-arm64 | 0.1.4 | 50.00 | OK | |||
r-release-macos-x86_64 | 0.1.4 | 71.00 | OK | |||
r-release-windows-x86_64 | 0.1.4 | 6.00 | 109.00 | 115.00 | OK | |
r-oldrel-macos-arm64 | 0.1.4 | 54.00 | OK | |||
r-oldrel-macos-x86_64 | 0.1.4 | 68.00 | OK | |||
r-oldrel-windows-x86_64 | 0.1.4 | 8.00 | 1250.00 | 1258.00 | OK |
Version: 0.1.4
Check: re-building of vignette outputs
Result: ERROR
Error(s) in re-building vignettes:
...
--- re-building ‘repoRter_nih.Rmd’ using rmarkdown
Quitting from lines 34-52 [unnamed-chunk-1] (repoRter_nih.Rmd)
Error: processing vignette 'repoRter_nih.Rmd' failed with diagnostics:
Timeout was reached [api.reporter.nih.gov]: Connection timed out after 10005 milliseconds
--- failed re-building ‘repoRter_nih.Rmd’
SUMMARY: processing the following file failed:
‘repoRter_nih.Rmd’
Error: Vignette re-building failed.
Execution halted
Flavor: r-devel-linux-x86_64-debian-gcc