Last updated on 2024-05-21 14:57:22 CEST.
Flavor | Version | Tinstall | Tcheck | Ttotal | Status | Flags |
---|---|---|---|---|---|---|
r-devel-linux-x86_64-debian-clang | 3.4 | 167.45 | 41.13 | 208.58 | OK | |
r-devel-linux-x86_64-debian-gcc | 3.4 | 131.59 | 30.84 | 162.43 | OK | |
r-devel-linux-x86_64-fedora-clang | 3.4 | 321.11 | NOTE | |||
r-devel-linux-x86_64-fedora-gcc | 3.4 | 362.58 | NOTE | |||
r-devel-windows-x86_64 | 3.4 | 141.00 | 78.00 | 219.00 | OK | |
r-patched-linux-x86_64 | 3.4 | 187.16 | 38.99 | 226.15 | OK | |
r-release-linux-x86_64 | 3.4 | 189.34 | 39.44 | 228.78 | OK | |
r-release-macos-arm64 | 3.4 | 63.00 | NOTE | |||
r-release-windows-x86_64 | 3.4 | 138.00 | 78.00 | 216.00 | OK | |
r-oldrel-macos-arm64 | 3.4 | 84.00 | NOTE | |||
r-oldrel-macos-x86_64 | 3.4 | 135.00 | NOTE | |||
r-oldrel-windows-x86_64 | 3.4 | 172.00 | 84.00 | 256.00 | OK |
Version: 3.4
Check: compiled code
Result: NOTE
File ‘repolr/libs/repolr.so’:
Found no calls to: ‘R_registerRoutines’, ‘R_useDynamicSymbols’
It is good practice to register native routines and to disable symbol
search.
See ‘Writing portable packages’ in the ‘Writing R Extensions’ manual.
Flavors: r-devel-linux-x86_64-fedora-clang, r-devel-linux-x86_64-fedora-gcc
Version: 3.4
Check: installed package size
Result: NOTE
installed size is 9.5Mb
sub-directories of 1Mb or more:
libs 9.3Mb
Flavors: r-release-macos-arm64, r-oldrel-macos-arm64, r-oldrel-macos-x86_64