Last updated on 2025-02-21 02:52:23 CET.
Flavor | Version | Tinstall | Tcheck | Ttotal | Status | Flags |
---|---|---|---|---|---|---|
r-devel-linux-x86_64-debian-clang | 0.3.0 | 1.84 | 18.01 | 19.85 | OK | |
r-devel-linux-x86_64-debian-gcc | 0.3.0 | 1.56 | 14.53 | 16.09 | OK | |
r-devel-linux-x86_64-fedora-clang | 0.3.0 | 31.72 | OK | |||
r-devel-linux-x86_64-fedora-gcc | 0.3.0 | 30.49 | OK | |||
r-devel-macos-arm64 | 0.3.0 | 16.00 | OK | |||
r-devel-macos-x86_64 | 0.3.0 | 24.00 | OK | |||
r-devel-windows-x86_64 | 0.3.0 | 3.00 | 40.00 | 43.00 | OK | |
r-patched-linux-x86_64 | 0.3.0 | 1.93 | 17.08 | 19.01 | NOTE | |
r-release-linux-x86_64 | 0.3.0 | 1.92 | 17.14 | 19.06 | NOTE | |
r-release-macos-arm64 | 0.3.0 | 15.00 | NOTE | |||
r-release-macos-x86_64 | 0.3.0 | 21.00 | NOTE | |||
r-release-windows-x86_64 | 0.3.0 | 3.00 | 40.00 | 43.00 | NOTE | |
r-oldrel-macos-arm64 | 0.3.0 | 16.00 | NOTE | |||
r-oldrel-macos-x86_64 | 0.3.0 | 19.00 | NOTE | |||
r-oldrel-windows-x86_64 | 0.3.0 | 3.00 | 41.00 | 44.00 | NOTE |
Version: 0.3.0
Check: LazyData
Result: NOTE
'LazyData' is specified without a 'data' directory
Flavors: r-patched-linux-x86_64, r-release-linux-x86_64, r-release-macos-arm64, r-release-macos-x86_64, r-release-windows-x86_64, r-oldrel-macos-arm64, r-oldrel-macos-x86_64, r-oldrel-windows-x86_64