Last updated on 2025-02-20 14:51:06 CET.
Flavor | Version | Tinstall | Tcheck | Ttotal | Status | Flags |
---|---|---|---|---|---|---|
r-devel-linux-x86_64-debian-clang | 1.3.0 | 1.75 | 19.74 | 21.49 | NOTE | |
r-devel-linux-x86_64-debian-gcc | 1.3.0 | 1.37 | 16.16 | 17.53 | NOTE | |
r-devel-linux-x86_64-fedora-clang | 1.3.0 | 34.37 | OK | |||
r-devel-linux-x86_64-fedora-gcc | 1.3.0 | 46.65 | OK | |||
r-devel-macos-arm64 | 1.3.0 | 21.00 | OK | |||
r-devel-macos-x86_64 | 1.3.0 | 38.00 | OK | |||
r-devel-windows-x86_64 | 1.3.0 | 3.00 | 47.00 | 50.00 | NOTE | |
r-patched-linux-x86_64 | 1.3.0 | 2.02 | 18.82 | 20.84 | OK | |
r-release-linux-x86_64 | 1.3.0 | 1.61 | 18.74 | 20.35 | OK | |
r-release-macos-arm64 | 1.3.0 | 24.00 | OK | |||
r-release-macos-x86_64 | 1.3.0 | 43.00 | OK | |||
r-release-windows-x86_64 | 1.3.0 | 3.00 | 46.00 | 49.00 | OK | |
r-oldrel-macos-arm64 | 1.3.0 | 22.00 | OK | |||
r-oldrel-macos-x86_64 | 1.3.0 | 28.00 | OK | |||
r-oldrel-windows-x86_64 | 1.3.0 | 3.00 | 79.00 | 82.00 | OK |
Version: 1.3.0
Check: Rd cross-references
Result: NOTE
Found the following Rd file(s) with Rd \link{} targets missing package
anchors:
reportr.Rd: es
Please provide package anchors for all Rd \link{} targets not in the
package itself and the base packages.
Flavors: r-devel-linux-x86_64-debian-clang, r-devel-linux-x86_64-debian-gcc, r-devel-windows-x86_64