Last updated on 2025-02-18 02:50:47 CET.
Flavor | Version | Tinstall | Tcheck | Ttotal | Status | Flags |
---|---|---|---|---|---|---|
r-devel-linux-x86_64-debian-clang | 0.1.1 | 7.87 | 443.15 | 451.02 | OK | |
r-devel-linux-x86_64-debian-gcc | 0.1.1 | 4.45 | 292.00 | 296.45 | OK | |
r-devel-linux-x86_64-fedora-clang | 0.1.1 | 706.33 | OK | |||
r-devel-linux-x86_64-fedora-gcc | 0.1.1 | 694.66 | OK | |||
r-devel-macos-arm64 | 0.1.1 | 259.00 | OK | |||
r-devel-macos-x86_64 | 0.1.1 | 883.00 | OK | |||
r-devel-windows-x86_64 | 0.1.1 | 9.00 | 632.00 | 641.00 | ERROR | |
r-patched-linux-x86_64 | 0.1.1 | 6.21 | 426.36 | 432.57 | OK | |
r-release-linux-x86_64 | 0.1.1 | 5.87 | 432.66 | 438.53 | OK | |
r-release-macos-arm64 | 0.1.1 | 246.00 | OK | |||
r-release-macos-x86_64 | 0.1.1 | 410.00 | OK | |||
r-release-windows-x86_64 | 0.1.1 | 8.00 | 501.00 | 509.00 | ERROR | |
r-oldrel-macos-arm64 | 0.1.1 | 356.00 | OK | |||
r-oldrel-macos-x86_64 | 0.1.1 | 685.00 | OK | |||
r-oldrel-windows-x86_64 | 0.1.1 | 10.00 | 657.00 | 667.00 | ERROR |
Version: 0.1.1
Check: tests
Result: ERROR
Running 'testthat.R' [358s]
Running the tests in 'tests/testthat.R' failed.
Complete output:
> # This file is part of the standard setup for testthat.
> # It is recommended that you do not modify it.
> #
> # Where should you do additional test configuration?
> # Learn more about the roles of various files in:
> # * https://r-pkgs.org/tests.html
> # * https://testthat.r-lib.org/reference/test_package.html#special-files
>
> library(testthat)
> library(reslr)
> library(vdiffr)
>
> co <- function(expr) capture.output(expr, file = "NUL")
>
> # testthat::test_check("reslr")
> test_check("reslr")
module glm loaded
Compiling model graph
Resolving undeclared variables
Allocating nodes
Graph information:
Observed stochastic nodes: 52
Unobserved stochastic nodes: 15
Total graph size: 915
Initializing model
Compiling model graph
Resolving undeclared variables
Allocating nodes
Graph information:
Observed stochastic nodes: 52
Unobserved stochastic nodes: 70
Total graph size: 3726
Initializing model
No convergence issues detected.
Compiling model graph
Resolving undeclared variables
Allocating nodes
Graph information:
Observed stochastic nodes: 52
Unobserved stochastic nodes: 15
Total graph size: 915
Initializing model
Compiling model graph
Resolving undeclared variables
Allocating nodes
Graph information:
Observed stochastic nodes: 52
Unobserved stochastic nodes: 70
Total graph size: 3726
Initializing model
No convergence issues detected.
Compiling model graph
Resolving undeclared variables
Allocating nodes
Graph information:
Observed stochastic nodes: 208
Unobserved stochastic nodes: 107
Total graph size: 841
Initializing model
Compiling model graph
Resolving undeclared variables
Allocating nodes
Graph information:
Observed stochastic nodes: 208
Unobserved stochastic nodes: 109
Total graph size: 1273
Initializing model
Compiling model graph
Resolving undeclared variables
Allocating nodes
Graph information:
Observed stochastic nodes: 208
Unobserved stochastic nodes: 111
Total graph size: 1924
Initializing model
Compiling model graph
Resolving undeclared variables
Allocating nodes
Graph information:
Observed stochastic nodes: 208
Unobserved stochastic nodes: 110
Total graph size: 21651
Initializing model
Compiling model graph
Resolving undeclared variables
Allocating nodes
Graph information:
Observed stochastic nodes: 104
Unobserved stochastic nodes: 15
Total graph size: 1799
Initializing model
Compiling model graph
Resolving undeclared variables
Allocating nodes
Graph information:
Observed stochastic nodes: 104
Unobserved stochastic nodes: 18
Total graph size: 3764
Initializing model
Compiling model graph
Resolving undeclared variables
Allocating nodes
Graph information:
Observed stochastic nodes: 169
Unobserved stochastic nodes: 90
Total graph size: 15488
Initializing model
Compiling model graph
Resolving undeclared variables
Allocating nodes
Graph information:
Observed stochastic nodes: 169
Unobserved stochastic nodes: 95
Total graph size: 32273
Initializing model
Adding missing grouping variables: `SiteName`
Adding missing grouping variables: `SiteName`
Adding missing grouping variables: `SiteName`
Adding missing grouping variables: `SiteName`
Compiling model graph
Resolving undeclared variables
Allocating nodes
Graph information:
Observed stochastic nodes: 337
Unobserved stochastic nodes: 49
Total graph size: 12944
Initializing model
Adding missing grouping variables: `SiteName`
Adding missing grouping variables: `SiteName`
Adding missing grouping variables: `SiteName`
Adding missing grouping variables: `SiteName`
Compiling model graph
Resolving undeclared variables
Allocating nodes
Graph information:
Observed stochastic nodes: 337
Unobserved stochastic nodes: 258
Total graph size: 166541
Initializing model
Compiling model graph
Resolving undeclared variables
Allocating nodes
Graph information:
Observed stochastic nodes: 208
Unobserved stochastic nodes: 107
Total graph size: 1003
Initializing model
Compiling model graph
Resolving undeclared variables
Allocating nodes
Graph information:
Observed stochastic nodes: 208
Unobserved stochastic nodes: 109
Total graph size: 1651
Initializing model
Compiling model graph
Resolving undeclared variables
Allocating nodes
Graph information:
Observed stochastic nodes: 208
Unobserved stochastic nodes: 110
Total graph size: 390147
Initializing model
Compiling model graph
Resolving undeclared variables
Allocating nodes
Graph information:
Observed stochastic nodes: 104
Unobserved stochastic nodes: 15
Total graph size: 1799
Initializing model
Compiling model graph
Resolving undeclared variables
Allocating nodes
Graph information:
Observed stochastic nodes: 104
Unobserved stochastic nodes: 72
Total graph size: 5330
Initializing model
Compiling model graph
Resolving undeclared variables
Allocating nodes
Graph information:
Observed stochastic nodes: 169
Unobserved stochastic nodes: 90
Total graph size: 15488
Initializing model
Compiling model graph
Resolving undeclared variables
Allocating nodes
Graph information:
Observed stochastic nodes: 169
Unobserved stochastic nodes: 197
Total graph size: 50531
Initializing model
[ FAIL 3 | WARN 7 | SKIP 3 | PASS 64 ]
══ Skipped tests (3) ═══════════════════════════════════════════════════════════
• On CRAN (3): 'test-test_plot.reslr_input.R:16:3',
'test-test_plot.reslr_input.R:34:3', 'test-test_plot.reslr_input.R:51:3'
══ Failed tests ════════════════════════════════════════════════════════════════
── Error ('test-reslr_prints.R:111:1'): (code run outside of `test_that()`) ────
Error in `utils::download.file(url, destfile = temp_file, quiet = TRUE)`: download from 'https://psmsl.org/data/obtaining/rlr.annual.data/rlr_annual.zip' failed
Backtrace:
▆
1. └─reslr::reslr_load(...) at test-reslr_prints.R:111:1
2. └─reslr:::clean_tidal_gauge_data(...)
3. └─utils::download.file(url, destfile = temp_file, quiet = TRUE)
── Error ('test-test_plot.reslr_input.R:56:1'): (code run outside of `test_that()`) ──
Error in `utils::download.file(url, destfile = temp_file, quiet = TRUE)`: download from 'https://psmsl.org/data/obtaining/rlr.annual.data/rlr_annual.zip' failed
Backtrace:
▆
1. └─reslr::reslr_load(...) at test-test_plot.reslr_input.R:56:1
2. └─reslr:::clean_tidal_gauge_data(...)
3. └─utils::download.file(url, destfile = temp_file, quiet = TRUE)
── Error ('test-test_reslr_load.R:76:3'): Simplest example with list of tide gauges ──
Error in `utils::download.file(url, destfile = temp_file, quiet = TRUE)`: download from 'https://psmsl.org/data/obtaining/rlr.annual.data/rlr_annual.zip' failed
Backtrace:
▆
1. └─reslr::reslr_load(...) at test-test_reslr_load.R:76:3
2. └─reslr:::clean_tidal_gauge_data(...)
3. └─utils::download.file(url, destfile = temp_file, quiet = TRUE)
[ FAIL 3 | WARN 7 | SKIP 3 | PASS 64 ]
Error: Test failures
Execution halted
Flavor: r-devel-windows-x86_64
Version: 0.1.1
Check: re-building of vignette outputs
Result: ERROR
Error(s) in re-building vignettes:
--- re-building 'advanced_reslr.Rmd' using rmarkdown
--- finished re-building 'advanced_reslr.Rmd'
--- re-building 'quick_start.Rmd' using rmarkdown
--- finished re-building 'quick_start.Rmd'
--- re-building 'reslr.Rmd' using rmarkdown
Quitting from lines 842-852 [loadnigam] (reslr.Rmd)
Error: processing vignette 'reslr.Rmd' failed with diagnostics:
download from 'https://psmsl.org/data/obtaining/rlr.annual.data/rlr_annual.zip' failed
--- failed re-building 'reslr.Rmd'
SUMMARY: processing the following file failed:
'reslr.Rmd'
Error: Vignette re-building failed.
Execution halted
Flavor: r-devel-windows-x86_64
Version: 0.1.1
Check: tests
Result: ERROR
Running 'testthat.R' [261s]
Running the tests in 'tests/testthat.R' failed.
Complete output:
> # This file is part of the standard setup for testthat.
> # It is recommended that you do not modify it.
> #
> # Where should you do additional test configuration?
> # Learn more about the roles of various files in:
> # * https://r-pkgs.org/tests.html
> # * https://testthat.r-lib.org/reference/test_package.html#special-files
>
> library(testthat)
> library(reslr)
> library(vdiffr)
>
> co <- function(expr) capture.output(expr, file = "NUL")
>
> # testthat::test_check("reslr")
> test_check("reslr")
module glm loaded
Compiling model graph
Resolving undeclared variables
Allocating nodes
Graph information:
Observed stochastic nodes: 52
Unobserved stochastic nodes: 15
Total graph size: 915
Initializing model
Compiling model graph
Resolving undeclared variables
Allocating nodes
Graph information:
Observed stochastic nodes: 52
Unobserved stochastic nodes: 70
Total graph size: 3726
Initializing model
No convergence issues detected.
Compiling model graph
Resolving undeclared variables
Allocating nodes
Graph information:
Observed stochastic nodes: 52
Unobserved stochastic nodes: 15
Total graph size: 915
Initializing model
Compiling model graph
Resolving undeclared variables
Allocating nodes
Graph information:
Observed stochastic nodes: 52
Unobserved stochastic nodes: 70
Total graph size: 3726
Initializing model
No convergence issues detected.
Compiling model graph
Resolving undeclared variables
Allocating nodes
Graph information:
Observed stochastic nodes: 208
Unobserved stochastic nodes: 107
Total graph size: 841
Initializing model
Compiling model graph
Resolving undeclared variables
Allocating nodes
Graph information:
Observed stochastic nodes: 208
Unobserved stochastic nodes: 109
Total graph size: 1273
Initializing model
Compiling model graph
Resolving undeclared variables
Allocating nodes
Graph information:
Observed stochastic nodes: 208
Unobserved stochastic nodes: 111
Total graph size: 1924
Initializing model
Compiling model graph
Resolving undeclared variables
Allocating nodes
Graph information:
Observed stochastic nodes: 208
Unobserved stochastic nodes: 110
Total graph size: 21651
Initializing model
Compiling model graph
Resolving undeclared variables
Allocating nodes
Graph information:
Observed stochastic nodes: 104
Unobserved stochastic nodes: 15
Total graph size: 1799
Initializing model
Compiling model graph
Resolving undeclared variables
Allocating nodes
Graph information:
Observed stochastic nodes: 104
Unobserved stochastic nodes: 18
Total graph size: 3764
Initializing model
Compiling model graph
Resolving undeclared variables
Allocating nodes
Graph information:
Observed stochastic nodes: 169
Unobserved stochastic nodes: 90
Total graph size: 15488
Initializing model
Compiling model graph
Resolving undeclared variables
Allocating nodes
Graph information:
Observed stochastic nodes: 169
Unobserved stochastic nodes: 95
Total graph size: 32273
Initializing model
Adding missing grouping variables: `SiteName`
Adding missing grouping variables: `SiteName`
Adding missing grouping variables: `SiteName`
Adding missing grouping variables: `SiteName`
Compiling model graph
Resolving undeclared variables
Allocating nodes
Graph information:
Observed stochastic nodes: 337
Unobserved stochastic nodes: 49
Total graph size: 12944
Initializing model
Adding missing grouping variables: `SiteName`
Adding missing grouping variables: `SiteName`
Adding missing grouping variables: `SiteName`
Adding missing grouping variables: `SiteName`
Compiling model graph
Resolving undeclared variables
Allocating nodes
Graph information:
Observed stochastic nodes: 337
Unobserved stochastic nodes: 258
Total graph size: 166541
Initializing model
Compiling model graph
Resolving undeclared variables
Allocating nodes
Graph information:
Observed stochastic nodes: 208
Unobserved stochastic nodes: 107
Total graph size: 1003
Initializing model
Compiling model graph
Resolving undeclared variables
Allocating nodes
Graph information:
Observed stochastic nodes: 208
Unobserved stochastic nodes: 109
Total graph size: 1651
Initializing model
Compiling model graph
Resolving undeclared variables
Allocating nodes
Graph information:
Observed stochastic nodes: 208
Unobserved stochastic nodes: 110
Total graph size: 390147
Initializing model
Compiling model graph
Resolving undeclared variables
Allocating nodes
Graph information:
Observed stochastic nodes: 104
Unobserved stochastic nodes: 15
Total graph size: 1799
Initializing model
Compiling model graph
Resolving undeclared variables
Allocating nodes
Graph information:
Observed stochastic nodes: 104
Unobserved stochastic nodes: 72
Total graph size: 5330
Initializing model
Compiling model graph
Resolving undeclared variables
Allocating nodes
Graph information:
Observed stochastic nodes: 169
Unobserved stochastic nodes: 90
Total graph size: 15488
Initializing model
Compiling model graph
Resolving undeclared variables
Allocating nodes
Graph information:
Observed stochastic nodes: 169
Unobserved stochastic nodes: 197
Total graph size: 50531
Initializing model
[ FAIL 1 | WARN 3 | SKIP 4 | PASS 68 ]
══ Skipped tests (4) ═══════════════════════════════════════════════════════════
• On CRAN (4): 'test-test_plot.reslr_input.R:16:3',
'test-test_plot.reslr_input.R:34:3', 'test-test_plot.reslr_input.R:51:3',
'test-test_plot.reslr_input.R:68:3'
══ Failed tests ════════════════════════════════════════════════════════════════
── Error ('test-reslr_prints.R:111:1'): (code run outside of `test_that()`) ────
Error in `utils::download.file(url, destfile = temp_file, quiet = TRUE)`: download from 'https://psmsl.org/data/obtaining/rlr.annual.data/rlr_annual.zip' failed
Backtrace:
▆
1. └─reslr::reslr_load(...) at test-reslr_prints.R:111:1
2. └─reslr:::clean_tidal_gauge_data(...)
3. └─utils::download.file(url, destfile = temp_file, quiet = TRUE)
[ FAIL 1 | WARN 3 | SKIP 4 | PASS 68 ]
Error: Test failures
Execution halted
Flavor: r-release-windows-x86_64
Version: 0.1.1
Check: tests
Result: ERROR
Running 'testthat.R' [491s]
Running the tests in 'tests/testthat.R' failed.
Complete output:
> # This file is part of the standard setup for testthat.
> # It is recommended that you do not modify it.
> #
> # Where should you do additional test configuration?
> # Learn more about the roles of various files in:
> # * https://r-pkgs.org/tests.html
> # * https://testthat.r-lib.org/reference/test_package.html#special-files
>
> library(testthat)
> library(reslr)
> library(vdiffr)
>
> co <- function(expr) capture.output(expr, file = "NUL")
>
> # testthat::test_check("reslr")
> test_check("reslr")
module glm loaded
Compiling model graph
Resolving undeclared variables
Allocating nodes
Graph information:
Observed stochastic nodes: 52
Unobserved stochastic nodes: 15
Total graph size: 915
Initializing model
Compiling model graph
Resolving undeclared variables
Allocating nodes
Graph information:
Observed stochastic nodes: 52
Unobserved stochastic nodes: 70
Total graph size: 3726
Initializing model
No convergence issues detected.
Compiling model graph
Resolving undeclared variables
Allocating nodes
Graph information:
Observed stochastic nodes: 52
Unobserved stochastic nodes: 15
Total graph size: 915
Initializing model
Compiling model graph
Resolving undeclared variables
Allocating nodes
Graph information:
Observed stochastic nodes: 52
Unobserved stochastic nodes: 70
Total graph size: 3726
Initializing model
No convergence issues detected.
Compiling model graph
Resolving undeclared variables
Allocating nodes
Graph information:
Observed stochastic nodes: 208
Unobserved stochastic nodes: 107
Total graph size: 841
Initializing model
Compiling model graph
Resolving undeclared variables
Allocating nodes
Graph information:
Observed stochastic nodes: 208
Unobserved stochastic nodes: 109
Total graph size: 1273
Initializing model
Compiling model graph
Resolving undeclared variables
Allocating nodes
Graph information:
Observed stochastic nodes: 208
Unobserved stochastic nodes: 111
Total graph size: 1924
Initializing model
Compiling model graph
Resolving undeclared variables
Allocating nodes
Graph information:
Observed stochastic nodes: 208
Unobserved stochastic nodes: 110
Total graph size: 21651
Initializing model
Compiling model graph
Resolving undeclared variables
Allocating nodes
Graph information:
Observed stochastic nodes: 104
Unobserved stochastic nodes: 15
Total graph size: 1799
Initializing model
Compiling model graph
Resolving undeclared variables
Allocating nodes
Graph information:
Observed stochastic nodes: 104
Unobserved stochastic nodes: 18
Total graph size: 3764
Initializing model
Compiling model graph
Resolving undeclared variables
Allocating nodes
Graph information:
Observed stochastic nodes: 169
Unobserved stochastic nodes: 90
Total graph size: 15488
Initializing model
Compiling model graph
Resolving undeclared variables
Allocating nodes
Graph information:
Observed stochastic nodes: 169
Unobserved stochastic nodes: 95
Total graph size: 32273
Initializing model
Adding missing grouping variables: `SiteName`
Adding missing grouping variables: `SiteName`
Adding missing grouping variables: `SiteName`
Adding missing grouping variables: `SiteName`
Compiling model graph
Resolving undeclared variables
Allocating nodes
Graph information:
Observed stochastic nodes: 337
Unobserved stochastic nodes: 49
Total graph size: 12944
Initializing model
Adding missing grouping variables: `SiteName`
Adding missing grouping variables: `SiteName`
Adding missing grouping variables: `SiteName`
Adding missing grouping variables: `SiteName`
Compiling model graph
Resolving undeclared variables
Allocating nodes
Graph information:
Observed stochastic nodes: 337
Unobserved stochastic nodes: 258
Total graph size: 166541
Initializing model
Compiling model graph
Resolving undeclared variables
Allocating nodes
Graph information:
Observed stochastic nodes: 208
Unobserved stochastic nodes: 107
Total graph size: 1003
Initializing model
Compiling model graph
Resolving undeclared variables
Allocating nodes
Graph information:
Observed stochastic nodes: 208
Unobserved stochastic nodes: 109
Total graph size: 1651
Initializing model
Compiling model graph
Resolving undeclared variables
Allocating nodes
Graph information:
Observed stochastic nodes: 208
Unobserved stochastic nodes: 110
Total graph size: 390147
Initializing model
Compiling model graph
Resolving undeclared variables
Allocating nodes
Graph information:
Observed stochastic nodes: 104
Unobserved stochastic nodes: 15
Total graph size: 1799
Initializing model
Compiling model graph
Resolving undeclared variables
Allocating nodes
Graph information:
Observed stochastic nodes: 104
Unobserved stochastic nodes: 72
Total graph size: 5330
Initializing model
Compiling model graph
Resolving undeclared variables
Allocating nodes
Graph information:
Observed stochastic nodes: 169
Unobserved stochastic nodes: 90
Total graph size: 15488
Initializing model
Compiling model graph
Resolving undeclared variables
Allocating nodes
Graph information:
Observed stochastic nodes: 169
Unobserved stochastic nodes: 197
Total graph size: 50531
Initializing model
[ FAIL 5 | WARN 11 | SKIP 4 | PASS 56 ]
══ Skipped tests (4) ═══════════════════════════════════════════════════════════
• On CRAN (4): 'test-test_plot.reslr_input.R:16:3',
'test-test_plot.reslr_input.R:34:3', 'test-test_plot.reslr_input.R:51:3',
'test-test_plot.reslr_input.R:68:3'
══ Failed tests ════════════════════════════════════════════════════════════════
── Error ('test-reslr_prints.R:111:1'): (code run outside of `test_that()`) ────
Error in `utils::download.file(url, destfile = temp_file, quiet = TRUE)`: download from 'https://psmsl.org/data/obtaining/rlr.annual.data/rlr_annual.zip' failed
Backtrace:
▆
1. └─reslr::reslr_load(...) at test-reslr_prints.R:111:1
2. └─reslr:::clean_tidal_gauge_data(...)
3. └─utils::download.file(url, destfile = temp_file, quiet = TRUE)
── Error ('test-test_reslr_load.R:54:3'): Simplest example with closest tide gauge ──
Error in `utils::download.file(url, destfile = temp_file, quiet = TRUE)`: download from 'https://psmsl.org/data/obtaining/rlr.annual.data/rlr_annual.zip' failed
Backtrace:
▆
1. └─reslr::reslr_load(...) at test-test_reslr_load.R:54:3
2. └─reslr:::clean_tidal_gauge_data(...)
3. └─utils::download.file(url, destfile = temp_file, quiet = TRUE)
── Error ('test-test_reslr_load.R:76:3'): Simplest example with list of tide gauges ──
Error in `utils::download.file(url, destfile = temp_file, quiet = TRUE)`: download from 'https://psmsl.org/data/obtaining/rlr.annual.data/rlr_annual.zip' failed
Backtrace:
▆
1. └─reslr::reslr_load(...) at test-test_reslr_load.R:76:3
2. └─reslr:::clean_tidal_gauge_data(...)
3. └─utils::download.file(url, destfile = temp_file, quiet = TRUE)
── Error ('test-test_reslr_load.R:98:3'): Simplest example with all tide gauges within 1 degree ──
Error in `utils::download.file(url, destfile = temp_file, quiet = TRUE)`: download from 'https://psmsl.org/data/obtaining/rlr.annual.data/rlr_annual.zip' failed
Backtrace:
▆
1. └─reslr::reslr_load(...) at test-test_reslr_load.R:98:3
2. └─reslr:::clean_tidal_gauge_data(...)
3. └─utils::download.file(url, destfile = temp_file, quiet = TRUE)
── Error ('test-test_reslr_load.R:142:3'): Simplest example with linear rate and closes tide gauge ──
Error in `utils::download.file(url, destfile = temp_file, quiet = TRUE)`: download from 'https://psmsl.org/data/obtaining/rlr.annual.data/rlr_annual.zip' failed
Backtrace:
▆
1. └─reslr::reslr_load(...) at test-test_reslr_load.R:142:3
2. └─reslr:::clean_tidal_gauge_data(...)
3. └─utils::download.file(url, destfile = temp_file, quiet = TRUE)
[ FAIL 5 | WARN 11 | SKIP 4 | PASS 56 ]
Error: Test failures
Execution halted
Flavor: r-oldrel-windows-x86_64