Last updated on 2025-02-21 02:52:23 CET.
Flavor | Version | Tinstall | Tcheck | Ttotal | Status | Flags |
---|---|---|---|---|---|---|
r-devel-linux-x86_64-debian-clang | 2.3.3 | 18.47 | 135.98 | 154.45 | NOTE | |
r-devel-linux-x86_64-debian-gcc | 2.3.3 | 12.02 | 94.37 | 106.39 | NOTE | |
r-devel-linux-x86_64-fedora-clang | 2.3.3 | 259.33 | OK | |||
r-devel-linux-x86_64-fedora-gcc | 2.3.3 | 224.07 | OK | |||
r-devel-macos-arm64 | 2.3.3 | 70.00 | OK | |||
r-devel-macos-x86_64 | 2.3.3 | 141.00 | OK | |||
r-devel-windows-x86_64 | 2.3.3 | 21.00 | 151.00 | 172.00 | NOTE | |
r-patched-linux-x86_64 | 2.3.3 | 23.61 | 127.08 | 150.69 | OK | |
r-release-linux-x86_64 | 2.3.3 | 17.38 | 127.01 | 144.39 | OK | |
r-release-macos-arm64 | 2.3.3 | 66.00 | OK | |||
r-release-macos-x86_64 | 2.3.3 | 93.00 | OK | |||
r-release-windows-x86_64 | 2.3.3 | 18.00 | 146.00 | 164.00 | OK | |
r-oldrel-macos-arm64 | 2.3.3 | 65.00 | OK | |||
r-oldrel-macos-x86_64 | 2.3.3 | 163.00 | OK | |||
r-oldrel-windows-x86_64 | 2.3.3 | 27.00 | 182.00 | 209.00 | OK |
Version: 2.3.3
Check: Rd cross-references
Result: NOTE
Found the following Rd file(s) with Rd \link{} targets missing package
anchors:
format_time.Rd: lubridate
Please provide package anchors for all Rd \link{} targets not in the
package itself and the base packages.
Flavors: r-devel-linux-x86_64-debian-clang, r-devel-linux-x86_64-debian-gcc, r-devel-windows-x86_64