Last updated on 2025-02-20 14:51:06 CET.
Flavor | Version | Tinstall | Tcheck | Ttotal | Status | Flags |
---|---|---|---|---|---|---|
r-devel-linux-x86_64-debian-clang | 1.0.6 | 19.47 | 362.85 | 382.32 | ERROR | |
r-devel-linux-x86_64-debian-gcc | 1.0.6 | 15.19 | 241.47 | 256.66 | NOTE | |
r-devel-linux-x86_64-fedora-clang | 1.0.6 | 590.06 | OK | |||
r-devel-linux-x86_64-fedora-gcc | 1.0.6 | 599.11 | OK | |||
r-devel-macos-arm64 | 1.0.6 | 143.00 | OK | |||
r-devel-macos-x86_64 | 1.0.6 | 333.00 | OK | |||
r-devel-windows-x86_64 | 1.0.6 | 21.00 | 327.00 | 348.00 | NOTE | |
r-patched-linux-x86_64 | 1.0.6 | 27.27 | 344.28 | 371.55 | OK | |
r-release-linux-x86_64 | 1.0.6 | 20.59 | 338.02 | 358.61 | OK | |
r-release-macos-arm64 | 1.0.6 | 145.00 | NOTE | |||
r-release-macos-x86_64 | 1.0.6 | 252.00 | NOTE | |||
r-release-windows-x86_64 | 1.0.6 | 23.00 | 332.00 | 355.00 | NOTE | |
r-oldrel-macos-arm64 | 1.0.6 | 165.00 | NOTE | |||
r-oldrel-macos-x86_64 | 1.0.6 | 418.00 | NOTE | |||
r-oldrel-windows-x86_64 | 1.0.6 | 32.00 | 380.00 | 412.00 | NOTE |
Version: 1.0.6
Check: Rd cross-references
Result: NOTE
Found the following Rd file(s) with Rd \link{} targets missing package
anchors:
invert_vector.Rd: SpatExtent
Please provide package anchors for all Rd \link{} targets not in the
package itself and the base packages.
Flavors: r-devel-linux-x86_64-debian-clang, r-devel-linux-x86_64-debian-gcc, r-devel-windows-x86_64
Version: 1.0.6
Check: tests
Result: ERROR
Running ‘testthat.R’ [145s/162s]
Running the tests in ‘tests/testthat.R’ failed.
Complete output:
> # load packages
> library(testthat)
> library(restoptr)
Loading required package: terra
terra 1.8.21
Attaching package: 'terra'
The following objects are masked from 'package:testthat':
compare, describe
Loading required package: rJava
Loading required package: units
udunits database from /usr/share/xml/udunits/udunits2.xml
>
> # enable parallel testing
> Sys.unsetenv("R_TESTS")
>
> # run tests
> test_check("restoptr")
Height = 117
Width = 170
Current landscape state loaded
Habitat cells = 2682
Non habitat cells = 2094
Accessible non habitat cells = 604
Out cells = 15114
MESH initial = 642.2554438860972
Model[Model-0], 1 Solutions, MAXIMIZE MESH = 6429460, Resolution time 0.087s, Time to best solution 0.053s, 11 Nodes (126.9 n/s), 0 Backtracks, 0 Backjumps, 0 Fails, 0 Restarts
<1b>[0mModel[Model-0], 2 Solutions, MAXIMIZE MESH = 6430362, Resolution time 0.135s, Time to best solution 0.134s, 19 Nodes (140.9 n/s), 11 Backtracks, 0 Backjumps, 5 Fails, 0 Restarts
<1b>[0mModel[Model-0], 3 Solutions, MAXIMIZE MESH = 6431753, Resolution time 0.142s, Time to best solution 0.142s, 28 Nodes (197.5 n/s), 27 Backtracks, 0 Backjumps, 12 Fails, 0 Restarts
<1b>[0mModel[Model-0], 4 Solutions, MAXIMIZE MESH = 6685737, Resolution time 0.170s, Time to best solution 0.170s, 69 Nodes (406.3 n/s), 49 Backtracks, 0 Backjumps, 22 Fails, 0 Restarts
<1b>[0mModel[Model-0], 5 Solutions, MAXIMIZE MESH = 6687825, Resolution time 0.172s, Time to best solution 0.172s, 70 Nodes (407.6 n/s), 88 Backtracks, 0 Backjumps, 41 Fails, 0 Restarts
<1b>[0mModel[Model-0], 6 Solutions, MAXIMIZE MESH = 6694104, Resolution time 0.242s, Time to best solution 0.242s, 147 Nodes (606.8 n/s), 194 Backtracks, 0 Backjumps, 96 Fails, 0 Restarts
<1b>[0mModel[Model-0], 7 Solutions, MAXIMIZE MESH = 6696212, Resolution time 0.261s, Time to best solution 0.261s, 190 Nodes (727.1 n/s), 272 Backtracks, 0 Backjumps, 134 Fails, 0 Restarts
<1b>[0mModel[Model-0], 8 Solutions, MAXIMIZE MESH = 6732332, Resolution time 0.483s, Time to best solution 0.483s, 1273 Nodes (2,633.4 n/s), 2392 Backtracks, 0 Backjumps, 1222 Fails, 0 Restarts
<1b>[0mModel[Model-0], 9 Solutions, MAXIMIZE MESH = 8742169, Resolution time 0.621s, Time to best solution 0.620s, 1758 Nodes (2,833.0 n/s), 3027 Backtracks, 0 Backjumps, 1681 Fails, 0 Restarts
<1b>[0mModel[Model-0], 10 Solutions, MAXIMIZE MESH = 8775750, Resolution time 0.910s, Time to best solution 0.909s, 4468 Nodes (4,908.6 n/s), 8449 Backtracks, 0 Backjumps, 4397 Fails, 0 Restarts
<1b>[0mModel[Model-0], 10 Solutions, MAXIMIZE MESH = 8775750, Resolution time 2.321s, Time to best solution 0.909s, 25140 Nodes (10,830.7 n/s), 50261 Backtracks, 0 Backjumps, 25121 Fails, 0 Restarts
<1b>[0mHeight = 117
Width = 170
Current landscape state loaded
Habitat cells = 2682
Non habitat cells = 2094
Accessible non habitat cells = 652
Out cells = 15114
MESH initial = 642.2554438860972
Model[Model-1], 1 Solutions, MAXIMIZE MESH = 6430027, Resolution time 0.003s, Time to best solution 0.003s, 14 Nodes (4,832.7 n/s), 0 Backtracks, 0 Backjumps, 0 Fails, 0 Restarts
<1b>[0mModel[Model-1], 2 Solutions, MAXIMIZE MESH = 6430921, Resolution time 0.005s, Time to best solution 0.005s, 25 Nodes (5,089.0 n/s), 17 Backtracks, 0 Backjumps, 8 Fails, 0 Restarts
<1b>[0mModel[Model-1], 3 Solutions, MAXIMIZE MESH = 6432242, Resolution time 0.011s, Time to best solution 0.010s, 36 Nodes (3,358.2 n/s), 39 Backtracks, 0 Backjumps, 18 Fails, 0 Restarts
<1b>[0mModel[Model-1], 4 Solutions, MAXIMIZE MESH = 6689916, Resolution time 0.038s, Time to best solution 0.032s, 79 Nodes (2,061.2 n/s), 65 Backtracks, 0 Backjumps, 30 Fails, 0 Restarts
<1b>[0mModel[Model-1], 5 Solutions, MAXIMIZE MESH = 6698472, Resolution time 0.065s, Time to best solution 0.065s, 188 Nodes (2,878.1 n/s), 265 Backtracks, 0 Backjumps, 133 Fails, 0 Restarts
<1b>[0mModel[Model-1], 6 Solutions, MAXIMIZE MESH = 6739631, Resolution time 0.879s, Time to best solution 0.878s, 3470 Nodes (3,947.8 n/s), 6778 Backtracks, 0 Backjumps, 3421 Fails, 0 Restarts
<1b>[0mModel[Model-1], 7 Solutions, MAXIMIZE MESH = 8708499, Resolution time 1.000s, Time to best solution 0.999s, 4093 Nodes (4,092.6 n/s), 7658 Backtracks, 0 Backjumps, 4025 Fails, 0 Restarts
<1b>[0mModel[Model-1], 8 Solutions, MAXIMIZE MESH = 8716910, Resolution time 1.032s, Time to best solution 1.031s, 4500 Nodes (4,361.7 n/s), 8558 Backtracks, 0 Backjumps, 4475 Fails, 0 Restarts
<1b>[0mModel[Model-1], 9 Solutions, MAXIMIZE MESH = 8750597, Resolution time 1.035s, Time to best solution 1.035s, 4576 Nodes (4,421.3 n/s), 8605 Backtracks, 0 Backjumps, 4498 Fails, 0 Restarts
<1b>[0mModel[Model-1], 10 Solutions, MAXIMIZE MESH = 8759028, Resolution time 1.038s, Time to best solution 1.038s, 4577 Nodes (4,407.6 n/s), 8716 Backtracks, 0 Backjumps, 4553 Fails, 0 Restarts
<1b>[0mModel[Model-1], 11 Solutions, MAXIMIZE MESH = 8767464, Resolution time 1.042s, Time to best solution 1.039s, 4582 Nodes (4,395.6 n/s), 8721 Backtracks, 0 Backjumps, 4556 Fails, 0 Restarts
<1b>[0mModel[Model-1], 12 Solutions, MAXIMIZE MESH = 8801093, Resolution time 1.193s, Time to best solution 1.193s, 8188 Nodes (6,864.4 n/s), 15833 Backtracks, 0 Backjumps, 8111 Fails, 0 Restarts
<1b>[0mModel[Model-1], 13 Solutions, MAXIMIZE MESH = 8809552, Resolution time 1.196s, Time to best solution 1.196s, 8242 Nodes (6,891.4 n/s), 15935 Backtracks, 0 Backjumps, 8161 Fails, 0 Restarts
<1b>[0mModel[Model-1], 13 Solutions, MAXIMIZE MESH = 8809552, Resolution time 2.464s, Time to best solution 1.196s, 32145 Nodes (13,043.5 n/s), 64265 Backtracks, 0 Backjumps, 32120 Fails, 0 Restarts
<1b>[0m
|---------|---------|---------|---------|
=========================================
Height = 117
Width = 170
Current landscape state loaded
Habitat cells = 2682
Non habitat cells = 2094
Accessible non habitat cells = 2094
Out cells = 15114
Model[Model-2], 1 Solutions, Resolution time 0.003s, 22 Nodes (6,468.6 n/s), 0 Backtracks, 0 Backjumps, 0 Fails, 0 Restarts
<1b>[0mHeight = 117
Width = 170
Current landscape state loaded
Habitat cells = 2682
Non habitat cells = 2094
Accessible non habitat cells = 2094
Out cells = 15114
Model[Model-3], 1 Solutions, Resolution time 0.022s, 27 Nodes (1,224.3 n/s), 0 Backtracks, 0 Backjumps, 0 Fails, 0 Restarts
<1b>[0mHeight = 117
Width = 170
Current landscape state loaded
Habitat cells = 2682
Non habitat cells = 2094
Accessible non habitat cells = 2094
Out cells = 15114
Model[Model-4], 1 Solutions, Resolution time 0.022s, 56 Nodes (2,591.0 n/s), 0 Backtracks, 0 Backjumps, 0 Fails, 0 Restarts
<1b>[0mHeight = 117
Width = 170
Current landscape state loaded
Habitat cells = 2682
Non habitat cells = 2094
Accessible non habitat cells = 2094
Out cells = 15114
Model[Model-5], 1 Solutions, Resolution time 0.278s, 410 Nodes (1,475.0 n/s), 0 Backtracks, 0 Backjumps, 0 Fails, 0 Restarts
<1b>[0mHeight = 117
Width = 170
Current landscape state loaded
Habitat cells = 2682
Non habitat cells = 2094
Accessible non habitat cells = 2094
Out cells = 15114
Model[Model-6], 1 Solutions, Resolution time 0.164s, 506 Nodes (3,090.3 n/s), 0 Backtracks, 0 Backjumps, 0 Fails, 0 Restarts
<1b>[0mHeight = 117
Width = 170
Current landscape state loaded
Habitat cells = 2682
Non habitat cells = 2094
Accessible non habitat cells = 2094
Out cells = 15114
Model[Model-7], 1 Solutions, Resolution time 0.012s, 27 Nodes (2,316.9 n/s), 0 Backtracks, 0 Backjumps, 0 Fails, 0 Restarts
<1b>[0mHeight = 117
Width = 170
Current landscape state loaded
Habitat cells = 2682
Non habitat cells = 2094
Accessible non habitat cells = 146
Out cells = 15114
MESH initial = 642.2554438860972
Model[Model-8], 1 Solutions, MAXIMIZE MESH = 7084891, Resolution time 0.002s, Time to best solution 0.002s, 147 Nodes (61,994.0 n/s), 0 Backtracks, 0 Backjumps, 0 Fails, 0 Restarts
<1b>[0mModel[Model-8], 1 Solutions, MAXIMIZE MESH = 7084891, Resolution time 0.003s, Time to best solution 0.002s, 147 Nodes (47,594.4 n/s), 293 Backtracks, 0 Backjumps, 146 Fails, 0 Restarts
<1b>[0mHeight = 117
Width = 170
Current landscape state loaded
Habitat cells = 2682
Non habitat cells = 2094
Accessible non habitat cells = 652
Out cells = 15114
MESH initial = 642.2554438860972
Model[Model-9], 1 Solutions, MAXIMIZE MESH = 13985838, Resolution time 0.053s, Time to best solution 0.053s, 653 Nodes (12,358.7 n/s), 0 Backtracks, 0 Backjumps, 0 Fails, 0 Restarts
<1b>[0mModel[Model-9], 1 Solutions, MAXIMIZE MESH = 13985838, Resolution time 0.067s, Time to best solution 0.053s, 653 Nodes (9,818.6 n/s), 1305 Backtracks, 0 Backjumps, 652 Fails, 0 Restarts
<1b>[0mHeight = 117
Width = 170
Current landscape state loaded
Habitat cells = 2682
Non habitat cells = 2094
Accessible non habitat cells = 0
Out cells = 15114
MESH initial = 642.2554438860972
Model[Model-10], 1 Solutions, MAXIMIZE MESH = 6422554, Resolution time 0.000s, Time to best solution 0.000s, 1 Nodes (2,655.2 n/s), 0 Backtracks, 0 Backjumps, 0 Fails, 0 Restarts
<1b>[0mModel[Model-10], 1 Solutions, MAXIMIZE MESH = 6422554, Resolution time 0.001s, Time to best solution 0.000s, 1 Nodes (1,169.4 n/s), 1 Backtracks, 0 Backjumps, 0 Fails, 0 Restarts
<1b>[0m
|---------|---------|---------|---------|
=========================================
Height = 117
Width = 170
Current landscape state loaded
Habitat cells = 2682
Non habitat cells = 2094
Accessible non habitat cells = 146
Out cells = 15114
Model[Model-11], 1 Solutions, Resolution time 0.209s, 17 Nodes (81.5 n/s), 6 Backtracks, 0 Backjumps, 5 Fails, 0 Restarts
<1b>[0mModel[Model-11], 2 Solutions, Resolution time 0.215s, 18 Nodes (83.8 n/s), 7 Backtracks, 0 Backjumps, 5 Fails, 0 Restarts
<1b>[0mModel[Model-11], 3 Solutions, Resolution time 0.219s, 20 Nodes (91.2 n/s), 9 Backtracks, 0 Backjumps, 5 Fails, 0 Restarts
<1b>[0mModel[Model-11], 4 Solutions, Resolution time 0.223s, 21 Nodes (94.4 n/s), 10 Backtracks, 0 Backjumps, 5 Fails, 0 Restarts
<1b>[0mModel[Model-11], 5 Solutions, Resolution time 0.232s, 24 Nodes (103.6 n/s), 13 Backtracks, 0 Backjumps, 5 Fails, 0 Restarts
<1b>[0mModel[Model-11], 6 Solutions, Resolution time 0.238s, 25 Nodes (105.0 n/s), 14 Backtracks, 0 Backjumps, 5 Fails, 0 Restarts
<1b>[0mModel[Model-11], 7 Solutions, Resolution time 0.246s, 27 Nodes (109.6 n/s), 16 Backtracks, 0 Backjumps, 5 Fails, 0 Restarts
<1b>[0mModel[Model-11], 8 Solutions, Resolution time 0.249s, 28 Nodes (112.3 n/s), 17 Backtracks, 0 Backjumps, 5 Fails, 0 Restarts
<1b>[0mModel[Model-11], 9 Solutions, Resolution time 0.265s, 32 Nodes (121.0 n/s), 21 Backtracks, 0 Backjumps, 5 Fails, 0 Restarts
<1b>[0mModel[Model-11], 10 Solutions, Resolution time 0.273s, 33 Nodes (120.9 n/s), 22 Backtracks, 0 Backjumps, 5 Fails, 0 Restarts
<1b>[0mModel[Model-11], 11 Solutions, Resolution time 0.278s, 35 Nodes (125.7 n/s), 24 Backtracks, 0 Backjumps, 5 Fails, 0 Restarts
<1b>[0mHeight = 117
Width = 170
Current landscape state loaded
Habitat cells = 2682
Non habitat cells = 2094
Accessible non habitat cells = 458
Out cells = 15114
Model[Model-12], 1 Solutions, Resolution time 0.331s, 283 Nodes (854.2 n/s), 352 Backtracks, 0 Backjumps, 274 Fails, 0 Restarts
<1b>[0mModel[Model-12], 2 Solutions, Resolution time 0.446s, 476 Nodes (1,067.1 n/s), 732 Backtracks, 0 Backjumps, 462 Fails, 0 Restarts
<1b>[0mModel[Model-12], 3 Solutions, Resolution time 0.451s, 483 Nodes (1,070.3 n/s), 742 Backtracks, 0 Backjumps, 467 Fails, 0 Restarts
<1b>[0mModel[Model-12], 4 Solutions, Resolution time 0.485s, 503 Nodes (1,038.1 n/s), 776 Backtracks, 0 Backjumps, 485 Fails, 0 Restarts
<1b>[0mModel[Model-12], 5 Solutions, Resolution time 0.493s, 510 Nodes (1,034.1 n/s), 791 Backtracks, 0 Backjumps, 491 Fails, 0 Restarts
<1b>[0mModel[Model-12], 6 Solutions, Resolution time 0.508s, 522 Nodes (1,027.5 n/s), 812 Backtracks, 0 Backjumps, 501 Fails, 0 Restarts
<1b>[0mModel[Model-12], 7 Solutions, Resolution time 0.515s, 527 Nodes (1,022.7 n/s), 822 Backtracks, 0 Backjumps, 504 Fails, 0 Restarts
<1b>[0mModel[Model-12], 8 Solutions, Resolution time 0.518s, 531 Nodes (1,025.2 n/s), 826 Backtracks, 0 Backjumps, 506 Fails, 0 Restarts
<1b>[0mModel[Model-12], 9 Solutions, Resolution time 0.525s, 537 Nodes (1,021.9 n/s), 835 Backtracks, 0 Backjumps, 510 Fails, 0 Restarts
<1b>[0mModel[Model-12], 10 Solutions, Resolution time 0.533s, 543 Nodes (1,018.4 n/s), 845 Backtracks, 0 Backjumps, 515 Fails, 0 Restarts
<1b>[0mModel[Model-12], 11 Solutions, Resolution time 0.550s, 563 Nodes (1,023.4 n/s), 888 Backtracks, 0 Backjumps, 532 Fails, 0 Restarts
<1b>[0mHeight = 117
Width = 170
Current landscape state loaded
Habitat cells = 2682
Non habitat cells = 2094
Accessible non habitat cells = 458
Out cells = 15114
Model[Model-13], 1 Solutions, Resolution time 0.202s, 283 Nodes (1,402.6 n/s), 352 Backtracks, 0 Backjumps, 274 Fails, 0 Restarts
<1b>[0mModel[Model-13], 2 Solutions, Resolution time 0.316s, 476 Nodes (1,504.3 n/s), 732 Backtracks, 0 Backjumps, 462 Fails, 0 Restarts
<1b>[0mModel[Model-13], 3 Solutions, Resolution time 0.322s, 483 Nodes (1,498.2 n/s), 742 Backtracks, 0 Backjumps, 467 Fails, 0 Restarts
<1b>[0mModel[Model-13], 4 Solutions, Resolution time 0.350s, 503 Nodes (1,435.2 n/s), 776 Backtracks, 0 Backjumps, 485 Fails, 0 Restarts
<1b>[0mModel[Model-13], 5 Solutions, Resolution time 0.358s, 510 Nodes (1,425.4 n/s), 791 Backtracks, 0 Backjumps, 491 Fails, 0 Restarts
<1b>[0mModel[Model-13], 6 Solutions, Resolution time 0.369s, 522 Nodes (1,416.0 n/s), 812 Backtracks, 0 Backjumps, 501 Fails, 0 Restarts
<1b>[0mModel[Model-13], 7 Solutions, Resolution time 0.373s, 527 Nodes (1,414.0 n/s), 822 Backtracks, 0 Backjumps, 504 Fails, 0 Restarts
<1b>[0mModel[Model-13], 8 Solutions, Resolution time 0.376s, 531 Nodes (1,413.7 n/s), 826 Backtracks, 0 Backjumps, 506 Fails, 0 Restarts
<1b>[0mModel[Model-13], 9 Solutions, Resolution time 0.381s, 537 Nodes (1,410.3 n/s), 835 Backtracks, 0 Backjumps, 510 Fails, 0 Restarts
<1b>[0mModel[Model-13], 10 Solutions, Resolution time 0.386s, 543 Nodes (1,408.5 n/s), 845 Backtracks, 0 Backjumps, 515 Fails, 0 Restarts
<1b>[0mModel[Model-13], 11 Solutions, Resolution time 0.416s, 563 Nodes (1,352.0 n/s), 888 Backtracks, 0 Backjumps, 532 Fails, 0 Restarts
<1b>[0mHeight = 117
Width = 170
Current landscape state loaded
Habitat cells = 2682
Non habitat cells = 2094
Accessible non habitat cells = 458
Out cells = 15114
Model[Model-14], 1 Solutions, Resolution time 0.294s, 283 Nodes (961.1 n/s), 352 Backtracks, 0 Backjumps, 274 Fails, 0 Restarts
<1b>[0mModel[Model-14], 2 Solutions, Resolution time 0.445s, 476 Nodes (1,068.9 n/s), 732 Backtracks, 0 Backjumps, 462 Fails, 0 Restarts
<1b>[0mModel[Model-14], 3 Solutions, Resolution time 0.450s, 483 Nodes (1,073.7 n/s), 742 Backtracks, 0 Backjumps, 467 Fails, 0 Restarts
<1b>[0mModel[Model-14], 4 Solutions, Resolution time 0.460s, 503 Nodes (1,093.7 n/s), 776 Backtracks, 0 Backjumps, 485 Fails, 0 Restarts
<1b>[0mModel[Model-14], 5 Solutions, Resolution time 0.466s, 510 Nodes (1,095.0 n/s), 791 Backtracks, 0 Backjumps, 491 Fails, 0 Restarts
<1b>[0mModel[Model-14], 6 Solutions, Resolution time 0.472s, 522 Nodes (1,106.6 n/s), 812 Backtracks, 0 Backjumps, 501 Fails, 0 Restarts
<1b>[0mModel[Model-14], 7 Solutions, Resolution time 0.475s, 527 Nodes (1,110.3 n/s), 822 Backtracks, 0 Backjumps, 504 Fails, 0 Restarts
<1b>[0mModel[Model-14], 8 Solutions, Resolution time 0.478s, 531 Nodes (1,111.9 n/s), 826 Backtracks, 0 Backjumps, 506 Fails, 0 Restarts
<1b>[0mModel[Model-14], 9 Solutions, Resolution time 0.481s, 537 Nodes (1,115.6 n/s), 835 Backtracks, 0 Backjumps, 510 Fails, 0 Restarts
<1b>[0mModel[Model-14], 10 Solutions, Resolution time 0.485s, 543 Nodes (1,119.1 n/s), 845 Backtracks, 0 Backjumps, 515 Fails, 0 Restarts
<1b>[0mModel[Model-14], 11 Solutions, Resolution time 0.504s, 563 Nodes (1,117.8 n/s), 888 Backtracks, 0 Backjumps, 532 Fails, 0 Restarts
<1b>[0mHeight = 117
Width = 170
Current landscape state loaded
Habitat cells = 2682
Non habitat cells = 2094
Accessible non habitat cells = 146
Out cells = 15114
Height = 117
Width = 170
Current landscape state loaded
Habitat cells = 2682
Non habitat cells = 2094
Accessible non habitat cells = 146
Out cells = 15114
Model[Model-16], 1 Solutions, Resolution time 0.007s, 16 Nodes (2,184.0 n/s), 7 Backtracks, 0 Backjumps, 6 Fails, 0 Restarts
<1b>[0mHeight = 117
Width = 170
Current landscape state loaded
Habitat cells = 2682
Non habitat cells = 2094
Accessible non habitat cells = 146
Out cells = 15114
Height = 117
Width = 170
Current landscape state loaded
Habitat cells = 2682
Non habitat cells = 2094
Accessible non habitat cells = 2094
Out cells = 15114
Height = 117
Width = 170
Current landscape state loaded
Habitat cells = 2682
Non habitat cells = 2094
Accessible non habitat cells = 2094
Out cells = 15114
Height = 117
Width = 170
Current landscape state loaded
Habitat cells = 2682
Non habitat cells = 2094
Accessible non habitat cells = 2094
Out cells = 15114
Height = 117
Width = 170
Current landscape state loaded
Habitat cells = 2682
Non habitat cells = 2094
Accessible non habitat cells = 2094
Out cells = 15114
Height = 117
Width = 170
Current landscape state loaded
Habitat cells = 847
Non habitat cells = 3929
Accessible non habitat cells = 3929
Out cells = 15114
Height = 117
Width = 170
Current landscape state loaded
Habitat cells = 2682
Non habitat cells = 2094
Accessible non habitat cells = 2094
Out cells = 15114
MESH initial = 642.2554438860972
Model[Model-23], 1 Solutions, MAXIMIZE MESH = 6433495, Resolution time 0.003s, Time to best solution 0.003s, 26 Nodes (8,186.1 n/s), 0 Backtracks, 0 Backjumps, 0 Fails, 0 Restarts
<1b>[0mModel[Model-23], 2 Solutions, MAXIMIZE MESH = 6441776, Resolution time 0.007s, Time to best solution 0.007s, 53 Nodes (7,385.4 n/s), 37 Backtracks, 0 Backjumps, 18 Fails, 0 Restarts
<1b>[0mModel[Model-23], 3 Solutions, MAXIMIZE MESH = 6444037, Resolution time 0.009s, Time to best solution 0.009s, 85 Nodes (9,099.5 n/s), 91 Backtracks, 0 Backjumps, 44 Fails, 0 Restarts
<1b>[0mModel[Model-23], 4 Solutions, MAXIMIZE MESH = 6474500, Resolution time 0.014s, Time to best solution 0.014s, 162 Nodes (11,264.9 n/s), 233 Backtracks, 0 Backjumps, 114 Fails, 0 Restarts
<1b>[0mModel[Model-23], 5 Solutions, MAXIMIZE MESH = 6475289, Resolution time 0.016s, Time to best solution 0.016s, 183 Nodes (11,372.5 n/s), 280 Backtracks, 0 Backjumps, 137 Fails, 0 Restarts
<1b>[0mModel[Model-23], 6 Solutions, MAXIMIZE MESH = 6583769, Resolution time 0.031s, Time to best solution 0.031s, 369 Nodes (11,922.3 n/s), 640 Backtracks, 0 Backjumps, 316 Fails, 0 Restarts
<1b>[0mModel[Model-23], 7 Solutions, MAXIMIZE MESH = 6773080, Resolution time 0.034s, Time to best solution 0.033s, 427 Nodes (12,730.8 n/s), 734 Backtracks, 0 Backjumps, 363 Fails, 0 Restarts
<1b>[0mModel[Model-23], 8 Solutions, MAXIMIZE MESH = 6775343, Resolution time 0.080s, Time to best solution 0.077s, 679 Nodes (8,463.1 n/s), 1311 Backtracks, 0 Backjumps, 655 Fails, 0 Restarts
<1b>[0mModel[Model-23], 9 Solutions, MAXIMIZE MESH = 6789012, Resolution time 0.082s, Time to best solution 0.082s, 730 Nodes (8,904.0 n/s), 1312 Backtracks, 0 Backjumps, 655 Fails, 0 Restarts
<1b>[0mModel[Model-23], 10 Solutions, MAXIMIZE MESH = 6795894, Resolution time 0.085s, Time to best solution 0.085s, 785 Nodes (9,215.8 n/s), 1418 Backtracks, 0 Backjumps, 707 Fails, 0 Restarts
<1b>[0mModel[Model-23], 11 Solutions, MAXIMIZE MESH = 6795896, Resolution time 0.087s, Time to best solution 0.087s, 786 Nodes (9,073.0 n/s), 1499 Backtracks, 0 Backjumps, 747 Fails, 0 Restarts
<1b>[0mModel[Model-23], 12 Solutions, MAXIMIZE MESH = 6798199, Resolution time 0.088s, Time to best solution 0.087s, 788 Nodes (8,988.2 n/s), 1507 Backtracks, 0 Backjumps, 750 Fails, 0 Restarts
<1b>[0mModel[Model-23], 13 Solutions, MAXIMIZE MESH = 6841141, Resolution time 0.981s, Time to best solution 0.981s, 13140 Nodes (13,398.2 n/s), 26158 Backtracks, 0 Backjumps, 13082 Fails, 0 Restarts
<1b>[0mModel[Model-23], 14 Solutions, MAXIMIZE MESH = 6870605, Resolution time 0.986s, Time to best solution 0.986s, 13181 Nodes (13,372.6 n/s), 26225 Backtracks, 0 Backjumps, 13117 Fails, 0 Restarts
<1b>[0mModel[Model-23], 15 Solutions, MAXIMIZE MESH = 6877982, Resolution time 0.987s, Time to best solution 0.987s, 13219 Nodes (13,388.8 n/s), 26300 Backtracks, 0 Backjumps, 13152 Fails, 0 Restarts
<1b>[0mModel[Model-23], 16 Solutions, MAXIMIZE MESH = 7026336, Resolution time 0.991s, Time to best solution 0.991s, 13272 Nodes (13,393.9 n/s), 26374 Backtracks, 0 Backjumps, 13189 Fails, 0 Restarts
<1b>[0mModel[Model-23], 16 Solutions, MAXIMIZE MESH = 7026336, Resolution time 1.000s, Time to best solution 0.991s, 13412 Nodes (13,408.6 n/s), 26712 Backtracks, 0 Backjumps, 13361 Fails, 0 Restarts
<1b>[0mHeight = 117
Width = 170
Current landscape state loaded
Habitat cells = 2682
Non habitat cells = 2094
Accessible non habitat cells = 604
Out cells = 15114
MESH initial = 642.2554438860972
Model[Model-24], 1 Solutions, MAXIMIZE MESH = 64805, Resolution time 0.002s, Time to best solution 0.002s, 17 Nodes (7,029.0 n/s), 6 Backtracks, 0 Backjumps, 5 Fails, 0 Restarts
<1b>[0mModel[Model-24], 2 Solutions, MAXIMIZE MESH = 66234, Resolution time 0.004s, Time to best solution 0.004s, 21 Nodes (5,295.4 n/s), 15 Backtracks, 0 Backjumps, 9 Fails, 0 Restarts
<1b>[0mModel[Model-24], 3 Solutions, MAXIMIZE MESH = 66377, Resolution time 0.085s, Time to best solution 0.085s, 460 Nodes (5,386.5 n/s), 538 Backtracks, 0 Backjumps, 444 Fails, 0 Restarts
<1b>[0mModel[Model-24], 4 Solutions, MAXIMIZE MESH = 66522, Resolution time 0.089s, Time to best solution 0.089s, 466 Nodes (5,234.3 n/s), 547 Backtracks, 0 Backjumps, 449 Fails, 0 Restarts
<1b>[0mModel[Model-24], 4 Solutions, MAXIMIZE MESH = 66522, Resolution time 0.119s, Time to best solution 0.089s, 858 Nodes (7,216.9 n/s), 1709 Backtracks, 0 Backjumps, 851 Fails, 0 Restarts
<1b>[0mHeight = 117
Width = 170
Current landscape state loaded
Habitat cells = 2682
Non habitat cells = 2094
Accessible non habitat cells = 604
Out cells = 15114
Model[Model-25], 1 Solutions, Resolution time 0.001s, 6 Nodes (7,461.4 n/s), 0 Backtracks, 0 Backjumps, 0 Fails, 0 Restarts
<1b>[0mModel[Model-25], 2 Solutions, Resolution time 0.001s, 7 Nodes (5,601.9 n/s), 1 Backtracks, 0 Backjumps, 0 Fails, 0 Restarts
<1b>[0mModel[Model-25], 3 Solutions, Resolution time 0.001s, 8 Nodes (5,635.7 n/s), 3 Backtracks, 0 Backjumps, 0 Fails, 0 Restarts
<1b>[0mHeight = 117
Width = 170
Current landscape state loaded
Habitat cells = 2682
Non habitat cells = 2094
Accessible non habitat cells = 604
Out cells = 15114
Model[Model-26], 1 Solutions, Resolution time 0.001s, 6 Nodes (7,030.2 n/s), 0 Backtracks, 0 Backjumps, 0 Fails, 0 Restarts
<1b>[0mHeight = 117
Width = 170
Current landscape state loaded
Habitat cells = 2682
Non habitat cells = 2094
Accessible non habitat cells = 146
Out cells = 15114
IIC initial = 0.20373477041721344
Model[Model-27], 1 Solutions, MAXIMIZE IIC = 2071, Resolution time 0.006s, Time to best solution 0.006s, 17 Nodes (2,619.2 n/s), 6 Backtracks, 0 Backjumps, 5 Fails, 0 Restarts
<1b>[0mModel[Model-27], 2 Solutions, MAXIMIZE IIC = 2113, Resolution time 0.008s, Time to best solution 0.008s, 21 Nodes (2,639.1 n/s), 15 Backtracks, 0 Backjumps, 9 Fails, 0 Restarts
<1b>[0mModel[Model-27], 2 Solutions, MAXIMIZE IIC = 2113, Resolution time 0.042s, Time to best solution 0.008s, 151 Nodes (3,599.5 n/s), 299 Backtracks, 0 Backjumps, 148 Fails, 0 Restarts
<1b>[0mHeight = 117
Width = 170
Current landscape state loaded
Habitat cells = 2682
Non habitat cells = 2094
Accessible non habitat cells = 146
Out cells = 15114
IIC initial = 0.1864735335111618
Model[Model-28], 1 Solutions, MAXIMIZE IIC = 1899, Resolution time 0.013s, Time to best solution 0.012s, 17 Nodes (1,355.1 n/s), 6 Backtracks, 0 Backjumps, 5 Fails, 0 Restarts
<1b>[0mModel[Model-28], 2 Solutions, MAXIMIZE IIC = 1941, Resolution time 0.014s, Time to best solution 0.014s, 21 Nodes (1,523.5 n/s), 15 Backtracks, 0 Backjumps, 9 Fails, 0 Restarts
<1b>[0mModel[Model-28], 2 Solutions, MAXIMIZE IIC = 1941, Resolution time 0.069s, Time to best solution 0.014s, 148 Nodes (2,140.7 n/s), 293 Backtracks, 0 Backjumps, 145 Fails, 0 Restarts
<1b>[0mHeight = 117
Width = 170
Current landscape state loaded
Habitat cells = 2682
Non habitat cells = 2094
Accessible non habitat cells = 146
Out cells = 15114
MESH initial = 642.2554438860972
Model[Model-29], 1 Solutions, MAXIMIZE MESH = 6480454, Resolution time 0.002s, Time to best solution 0.001s, 17 Nodes (10,997.3 n/s), 6 Backtracks, 0 Backjumps, 5 Fails, 0 Restarts
<1b>[0mModel[Model-29], 2 Solutions, MAXIMIZE MESH = 6623356, Resolution time 0.002s, Time to best solution 0.002s, 21 Nodes (10,013.5 n/s), 15 Backtracks, 0 Backjumps, 9 Fails, 0 Restarts
<1b>[0mModel[Model-29], 2 Solutions, MAXIMIZE MESH = 6623356, Resolution time 0.011s, Time to best solution 0.002s, 155 Nodes (14,005.4 n/s), 307 Backtracks, 0 Backjumps, 152 Fails, 0 Restarts
<1b>[0mHeight = 117
Width = 170
Current landscape state loaded
Habitat cells = 2682
Non habitat cells = 2094
Accessible non habitat cells = 146
Out cells = 15114
Height = 117
Width = 170
Current landscape state loaded
Habitat cells = 2682
Non habitat cells = 2094
Accessible non habitat cells = 146
Out cells = 15114
Height = 117
Width = 170
Current landscape state loaded
Habitat cells = 2682
Non habitat cells = 2094
Accessible non habitat cells = 146
Out cells = 15114
Height = 117
Width = 170
Current landscape state loaded
Habitat cells = 2682
Non habitat cells = 2094
Accessible non habitat cells = 146
Out cells = 15114
Height = 117
Width = 170
Current landscape state loaded
Habitat cells = 2682
Non habitat cells = 2094
Accessible non habitat cells = 2094
Out cells = 15114
Height = 117
Width = 170
Current landscape state loaded
Habitat cells = 2682
Non habitat cells = 2094
Accessible non habitat cells = 2094
Out cells = 15114
Height = 117
Width = 170
Current landscape state loaded
Habitat cells = 2682
Non habitat cells = 2094
Accessible non habitat cells = 2094
Out cells = 15114
Height = 117
Width = 170
Current landscape state loaded
Habitat cells = 2682
Non habitat cells = 2094
Accessible non habitat cells = 2094
Out cells = 15114
Height = 117
Width = 170
Current landscape state loaded
Habitat cells = 2682
Non habitat cells = 2094
Accessible non habitat cells = 2094
Out cells = 15114
Height = 104
Width = 151
Current landscape state loaded
Habitat cells = 2128
Non habitat cells = 1716
Accessible non habitat cells = 1716
Out cells = 11860
Height = 117
Width = 170
Current landscape state loaded
Habitat cells = 2682
Non habitat cells = 2094
Accessible non habitat cells = 2094
Out cells = 15114
Height = 117
Width = 170
Current landscape state loaded
Habitat cells = 2682
Non habitat cells = 2094
Accessible non habitat cells = 2094
Out cells = 15114
Height = 117
Width = 170
Current landscape state loaded
Habitat cells = 2682
Non habitat cells = 2094
Accessible non habitat cells = 2094
Out cells = 15114
Height = 117
Width = 170
Current landscape state loaded
Habitat cells = 2682
Non habitat cells = 2094
Accessible non habitat cells = 2094
Out cells = 15114
[ FAIL 1 | WARN 0 | SKIP 0 | PASS 914 ]
══ Failed tests ════════════════════════════════════════════════════════════════
── Error ('test_solve.R:117:3'): number of solutions found is less than desired ──
Error in `solve.RestoptProblem(problem)`: The research was stopped before a solution was found, consider increasing the time limit
Backtrace:
▆
1. ├─base::solve(problem) at test_solve.R:117:3
2. └─restoptr:::solve.RestoptProblem(problem)
[ FAIL 1 | WARN 0 | SKIP 0 | PASS 914 ]
Error: Test failures
Execution halted
Flavor: r-devel-linux-x86_64-debian-clang
Version: 1.0.6
Check: installed package size
Result: NOTE
installed size is 5.1Mb
sub-directories of 1Mb or more:
extdata 1.3Mb
java 2.9Mb
Flavors: r-release-macos-arm64, r-release-macos-x86_64, r-release-windows-x86_64, r-oldrel-macos-arm64, r-oldrel-macos-x86_64, r-oldrel-windows-x86_64