Last updated on 2025-02-21 02:52:23 CET.
Flavor | Version | Tinstall | Tcheck | Ttotal | Status | Flags |
---|---|---|---|---|---|---|
r-devel-linux-x86_64-debian-clang | 0.1.0 | 1.48 | 18.80 | 20.28 | NOTE | |
r-devel-linux-x86_64-debian-gcc | 0.1.0 | 1.44 | 15.65 | 17.09 | NOTE | |
r-devel-linux-x86_64-fedora-clang | 0.1.0 | 31.91 | NOTE | |||
r-devel-linux-x86_64-fedora-gcc | 0.1.0 | 31.29 | NOTE | |||
r-devel-macos-arm64 | 0.1.0 | 14.00 | OK | |||
r-devel-macos-x86_64 | 0.1.0 | 24.00 | NOTE | |||
r-devel-windows-x86_64 | 0.1.0 | 2.00 | 41.00 | 43.00 | NOTE | |
r-patched-linux-x86_64 | 0.1.0 | 1.80 | 18.14 | 19.94 | OK | |
r-release-linux-x86_64 | 0.1.0 | 1.52 | 18.05 | 19.57 | OK | |
r-release-macos-arm64 | 0.1.0 | 14.00 | OK | |||
r-release-macos-x86_64 | 0.1.0 | 22.00 | OK | |||
r-release-windows-x86_64 | 0.1.0 | 3.00 | 42.00 | 45.00 | OK | |
r-oldrel-macos-arm64 | 0.1.0 | 16.00 | OK | |||
r-oldrel-macos-x86_64 | 0.1.0 | 43.00 | OK | |||
r-oldrel-windows-x86_64 | 0.1.0 | 3.00 | 51.00 | 54.00 | OK |
Version: 0.1.0
Check: DESCRIPTION meta-information
Result: NOTE
Missing dependency on R >= 4.1.0 because package code uses the pipe
|> or function shorthand \(...) syntax added in R 4.1.0.
File(s) using such syntax:
‘bind.R’ ‘result.R’
Flavors: r-devel-linux-x86_64-debian-clang, r-devel-linux-x86_64-debian-gcc, r-devel-linux-x86_64-fedora-clang, r-devel-linux-x86_64-fedora-gcc, r-devel-macos-x86_64, r-devel-windows-x86_64