Last updated on 2024-05-21 14:57:22 CEST.
Flavor | Version | Tinstall | Tcheck | Ttotal | Status | Flags |
---|---|---|---|---|---|---|
r-devel-linux-x86_64-debian-clang | 0.4.1 | 112.91 | 33.94 | 146.85 | NOTE | |
r-devel-linux-x86_64-debian-gcc | 0.4.1 | 73.01 | 25.64 | 98.65 | NOTE | |
r-devel-linux-x86_64-fedora-clang | 0.4.1 | 218.57 | NOTE | |||
r-devel-linux-x86_64-fedora-gcc | 0.4.1 | 219.63 | NOTE | |||
r-devel-windows-x86_64 | 0.4.1 | 88.00 | 68.00 | 156.00 | NOTE | |
r-patched-linux-x86_64 | 0.4.1 | 114.00 | 32.47 | 146.47 | NOTE | |
r-release-linux-x86_64 | 0.4.1 | 114.73 | 32.57 | 147.30 | NOTE | |
r-release-macos-arm64 | 0.4.1 | 45.00 | NOTE | |||
r-release-windows-x86_64 | 0.4.1 | 88.00 | 66.00 | 154.00 | NOTE | |
r-oldrel-macos-arm64 | 0.4.1 | 41.00 | OK | |||
r-oldrel-macos-x86_64 | 0.4.1 | 67.00 | OK | |||
r-oldrel-windows-x86_64 | 0.4.1 | 108.00 | 72.00 | 180.00 | OK |
Version: 0.4.1
Check: Rd files
Result: NOTE
checkRd: (-1) cpUpper.Rd:39: Lost braces
39 | \code{"fastfloyd"}{ (default) uses an iterative variant of the Floyd-Warshall algorithm, in which the check of consistency of the current observation with a given cluster is done in a single step of the Floyd-Warshall algorithm. Much faster than \code{"floyd"}.}
| ^
checkRd: (-1) cpUpper.Rd:41: Lost braces
41 | \code{"floyd"}{ uses the algorithm described in Crawford and Pendakur (2013): at each step the complete Floyd-Warshall algorithm is run to check whether each cluster can accomodate the current observation.}
| ^
Flavors: r-devel-linux-x86_64-debian-clang, r-devel-linux-x86_64-debian-gcc, r-devel-linux-x86_64-fedora-clang, r-devel-linux-x86_64-fedora-gcc, r-devel-windows-x86_64, r-patched-linux-x86_64, r-release-linux-x86_64, r-release-macos-arm64, r-release-windows-x86_64