Last updated on 2025-02-21 02:52:23 CET.
Flavor | Version | Tinstall | Tcheck | Ttotal | Status | Flags |
---|---|---|---|---|---|---|
r-devel-linux-x86_64-debian-clang | 0.1.0 | 1.81 | 23.04 | 24.85 | OK | |
r-devel-linux-x86_64-debian-gcc | 0.1.0 | 1.44 | 18.68 | 20.12 | OK | |
r-devel-linux-x86_64-fedora-clang | 0.1.0 | 39.44 | NOTE | |||
r-devel-linux-x86_64-fedora-gcc | 0.1.0 | 37.87 | NOTE | |||
r-devel-macos-arm64 | 0.1.0 | 19.00 | OK | |||
r-devel-macos-x86_64 | 0.1.0 | 29.00 | OK | |||
r-devel-windows-x86_64 | 0.1.0 | 3.00 | 53.00 | 56.00 | OK | |
r-patched-linux-x86_64 | 0.1.0 | 1.60 | 22.23 | 23.83 | NOTE | |
r-release-linux-x86_64 | 0.1.0 | 1.82 | 22.33 | 24.15 | NOTE | |
r-release-macos-arm64 | 0.1.0 | 18.00 | NOTE | |||
r-release-macos-x86_64 | 0.1.0 | 25.00 | NOTE | |||
r-release-windows-x86_64 | 0.1.0 | 3.00 | 45.00 | 48.00 | NOTE | |
r-oldrel-macos-arm64 | 0.1.0 | 18.00 | NOTE | |||
r-oldrel-macos-x86_64 | 0.1.0 | 30.00 | NOTE | |||
r-oldrel-windows-x86_64 | 0.1.0 | 4.00 | 65.00 | 69.00 | NOTE |
Version: 0.1.0
Check: dependencies in R code
Result: NOTE
Namespace in Imports field not imported from: ‘MASS’
All declared Imports should be used.
Flavors: r-devel-linux-x86_64-fedora-clang, r-devel-linux-x86_64-fedora-gcc
Version: 0.1.0
Check: LazyData
Result: NOTE
'LazyData' is specified without a 'data' directory
Flavors: r-patched-linux-x86_64, r-release-linux-x86_64, r-release-macos-arm64, r-release-macos-x86_64, r-release-windows-x86_64, r-oldrel-macos-arm64, r-oldrel-macos-x86_64, r-oldrel-windows-x86_64
Version: 0.1.0
Check: Rd cross-references
Result: NOTE
Unknown package ‘btergm’ in Rd xrefs
Flavor: r-oldrel-macos-x86_64