Last updated on 2025-02-20 14:51:06 CET.
Flavor | Version | Tinstall | Tcheck | Ttotal | Status | Flags |
---|---|---|---|---|---|---|
r-devel-linux-x86_64-debian-clang | 0.26.6.14 | 17.63 | 30.57 | 48.20 | NOTE | |
r-devel-linux-x86_64-debian-gcc | 0.26.6.14 | 11.16 | 22.98 | 34.14 | NOTE | |
r-devel-linux-x86_64-fedora-clang | 0.26.6.14 | 77.05 | OK | |||
r-devel-linux-x86_64-fedora-gcc | 0.26.6.14 | 72.63 | OK | |||
r-devel-macos-arm64 | 0.26.6.14 | 25.00 | OK | |||
r-devel-macos-x86_64 | 0.26.6.14 | 39.00 | OK | |||
r-devel-windows-x86_64 | 0.26.6.14 | 19.00 | 81.00 | 100.00 | OK | |
r-patched-linux-x86_64 | 0.26.6.14 | 15.29 | 27.78 | 43.07 | OK | |
r-release-linux-x86_64 | 0.26.6.14 | 15.56 | 27.85 | 43.41 | OK | |
r-release-macos-arm64 | 0.26.6.14 | 26.00 | OK | |||
r-release-macos-x86_64 | 0.26.6.14 | 36.00 | OK | |||
r-release-windows-x86_64 | 0.26.6.14 | 20.00 | 70.00 | 90.00 | OK | |
r-oldrel-macos-arm64 | 0.26.6.14 | 28.00 | OK | |||
r-oldrel-macos-x86_64 | 0.26.6.14 | 83.00 | OK | |||
r-oldrel-windows-x86_64 | 0.26.6.14 | 23.00 | 82.00 | 105.00 | OK |
Version: 0.26.6.14
Check: for unstated dependencies in ‘demo’
Result: NOTE
'::' or ':::' import not declared from: ‘Matrix’
'library' or 'require' call not declared from: ‘Matrix’
Flavors: r-devel-linux-x86_64-debian-clang, r-devel-linux-x86_64-debian-gcc