Last updated on 2025-02-21 02:52:23 CET.
Flavor | Version | Tinstall | Tcheck | Ttotal | Status | Flags |
---|---|---|---|---|---|---|
r-devel-linux-x86_64-debian-clang | 0.3.8 | 6.69 | 57.70 | 64.39 | NOTE | |
r-devel-linux-x86_64-debian-gcc | 0.3.8 | 4.66 | 43.06 | 47.72 | NOTE | |
r-devel-linux-x86_64-fedora-clang | 0.3.8 | 100.54 | NOTE | |||
r-devel-linux-x86_64-fedora-gcc | 0.3.8 | 109.73 | NOTE | |||
r-devel-macos-arm64 | 0.3.8 | 39.00 | NOTE | |||
r-devel-macos-x86_64 | 0.3.8 | 71.00 | NOTE | |||
r-devel-windows-x86_64 | 0.3.8 | 8.00 | 81.00 | 89.00 | NOTE | |
r-patched-linux-x86_64 | 0.3.8 | 6.14 | 54.49 | 60.63 | NOTE | |
r-release-linux-x86_64 | 0.3.8 | 6.02 | 54.07 | 60.09 | NOTE | |
r-release-macos-arm64 | 0.3.8 | 37.00 | NOTE | |||
r-release-macos-x86_64 | 0.3.8 | 57.00 | NOTE | |||
r-release-windows-x86_64 | 0.3.8 | 8.00 | 75.00 | 83.00 | NOTE | |
r-oldrel-macos-arm64 | 0.3.8 | 36.00 | OK | |||
r-oldrel-macos-x86_64 | 0.3.8 | 53.00 | OK | |||
r-oldrel-windows-x86_64 | 0.3.8 | 10.00 | 88.00 | 98.00 | OK |
Version: 0.3.8
Check: Rd files
Result: NOTE
checkRd: (-1) fs_search.Rd:76: Lost braces
76 | \\code{\link{fs_auth}} \code{\link{fs_browse}}
| ^
Flavors: r-devel-linux-x86_64-debian-clang, r-devel-linux-x86_64-debian-gcc, r-devel-linux-x86_64-fedora-clang, r-devel-linux-x86_64-fedora-gcc, r-devel-macos-arm64, r-devel-macos-x86_64, r-devel-windows-x86_64, r-patched-linux-x86_64, r-release-linux-x86_64, r-release-macos-arm64, r-release-macos-x86_64, r-release-windows-x86_64