CRAN Package Check Results for Package rgen

Last updated on 2025-02-21 02:52:23 CET.

Flavor Version Tinstall Tcheck Ttotal Status Flags
r-devel-linux-x86_64-debian-clang 0.0.1 1.20 18.65 19.85 OK
r-devel-linux-x86_64-debian-gcc 0.0.1 1.23 15.09 16.32 OK
r-devel-linux-x86_64-fedora-clang 0.0.1 32.73 OK
r-devel-linux-x86_64-fedora-gcc 0.0.1 44.73 OK
r-devel-macos-arm64 0.0.1 20.00 OK
r-devel-macos-x86_64 0.0.1 36.00 OK
r-devel-windows-x86_64 0.0.1 2.00 41.00 43.00 OK
r-patched-linux-x86_64 0.0.1 1.44 17.93 19.37 NOTE
r-release-linux-x86_64 0.0.1 1.12 17.78 18.90 NOTE
r-release-macos-arm64 0.0.1 21.00 NOTE
r-release-macos-x86_64 0.0.1 31.00 NOTE
r-release-windows-x86_64 0.0.1 3.00 40.00 43.00 NOTE
r-oldrel-macos-arm64 0.0.1 21.00 NOTE
r-oldrel-macos-x86_64 0.0.1 29.00 NOTE
r-oldrel-windows-x86_64 0.0.1 2.00 38.00 40.00 NOTE

Check Details

Version: 0.0.1
Check: LazyData
Result: NOTE 'LazyData' is specified without a 'data' directory Flavors: r-patched-linux-x86_64, r-release-linux-x86_64, r-release-macos-arm64, r-release-macos-x86_64, r-release-windows-x86_64, r-oldrel-macos-arm64, r-oldrel-macos-x86_64, r-oldrel-windows-x86_64