Last updated on 2025-02-21 02:52:23 CET.
Flavor | Version | Tinstall | Tcheck | Ttotal | Status | Flags |
---|---|---|---|---|---|---|
r-devel-linux-x86_64-debian-clang | 0.0.11-1 | 236.28 | 40.35 | 276.63 | OK | |
r-devel-linux-x86_64-debian-gcc | 0.0.11-1 | 172.45 | 36.58 | 209.03 | OK | |
r-devel-linux-x86_64-fedora-clang | 0.0.11-1 | 547.52 | OK | |||
r-devel-linux-x86_64-fedora-gcc | 0.0.11-1 | 547.38 | OK | |||
r-devel-macos-arm64 | 0.0.11-1 | 102.00 | OK | |||
r-devel-macos-x86_64 | 0.0.11-1 | 110.00 | OK | |||
r-devel-windows-x86_64 | 0.0.11-1 | 277.00 | 116.00 | 393.00 | OK | |
r-patched-linux-x86_64 | 0.0.11-1 | 241.44 | 46.57 | 288.01 | OK | |
r-release-linux-x86_64 | 0.0.11-1 | 243.48 | 45.62 | 289.10 | OK | |
r-release-macos-arm64 | 0.0.11-1 | 106.00 | NOTE | |||
r-release-macos-x86_64 | 0.0.11-1 | 120.00 | NOTE | |||
r-release-windows-x86_64 | 0.0.11-1 | 296.00 | 110.00 | 406.00 | OK | |
r-oldrel-macos-arm64 | 0.0.11-1 | 108.00 | NOTE | |||
r-oldrel-macos-x86_64 | 0.0.11-1 | 119.00 | NOTE | |||
r-oldrel-windows-x86_64 | 0.0.11-1 | 321.00 | 127.00 | 448.00 | OK |
Version: 0.0.11-1
Check: installed package size
Result: NOTE
installed size is 28.6Mb
sub-directories of 1Mb or more:
libs 27.3Mb
Flavors: r-release-macos-arm64, r-release-macos-x86_64, r-oldrel-macos-arm64, r-oldrel-macos-x86_64