Last updated on 2025-05-06 02:50:30 CEST.
Flavor | Version | Tinstall | Tcheck | Ttotal | Status | Flags |
---|---|---|---|---|---|---|
r-devel-linux-x86_64-debian-clang | 1.3.18 | 124.43 | 217.90 | 342.33 | OK | |
r-devel-linux-x86_64-debian-gcc | 1.3.18 | 84.76 | 163.10 | 247.86 | OK | |
r-devel-linux-x86_64-fedora-clang | 1.3.18 | 746.16 | OK | |||
r-devel-linux-x86_64-fedora-gcc | 1.3.18 | 598.05 | OK | |||
r-devel-windows-x86_64 | 1.3.18 | 231.00 | 259.00 | 490.00 | OK | |
r-patched-linux-x86_64 | 1.3.18 | 117.60 | 204.54 | 322.14 | OK | |
r-release-linux-x86_64 | 1.3.18 | 119.76 | 207.55 | 327.31 | OK | |
r-release-macos-arm64 | 1.3.18 | 188.00 | OK | |||
r-release-macos-x86_64 | 1.3.18 | 244.00 | OK | |||
r-release-windows-x86_64 | 1.3.18 | 232.00 | 262.00 | 494.00 | OK | |
r-oldrel-macos-arm64 | 1.3.18 | 157.00 | NOTE | |||
r-oldrel-macos-x86_64 | 1.3.18 | 233.00 | NOTE | |||
r-oldrel-windows-x86_64 | 1.3.18 | 249.00 | 318.00 | 567.00 | NOTE |
Version: 1.3.18
Check: installed package size
Result: NOTE
installed size is 35.1Mb
sub-directories of 1Mb or more:
doc 5.6Mb
fonts 1.5Mb
libs 24.7Mb
Flavors: r-oldrel-macos-arm64, r-oldrel-macos-x86_64, r-oldrel-windows-x86_64