Last updated on 2025-02-18 02:50:47 CET.
Flavor | Version | Tinstall | Tcheck | Ttotal | Status | Flags |
---|---|---|---|---|---|---|
r-devel-linux-x86_64-debian-clang | 0.3.2 | 3.77 | 23.18 | 26.95 | NOTE | |
r-devel-linux-x86_64-debian-gcc | 0.3.2 | 2.76 | 18.56 | 21.32 | NOTE | |
r-devel-linux-x86_64-fedora-clang | 0.3.2 | 45.34 | OK | |||
r-devel-linux-x86_64-fedora-gcc | 0.3.2 | 42.95 | OK | |||
r-devel-macos-arm64 | 0.3.2 | 19.00 | OK | |||
r-devel-macos-x86_64 | 0.3.2 | 29.00 | OK | |||
r-devel-windows-x86_64 | 0.3.2 | 7.00 | 52.00 | 59.00 | NOTE | |
r-patched-linux-x86_64 | 0.3.2 | 6.30 | 22.16 | 28.46 | NOTE | |
r-release-linux-x86_64 | 0.3.2 | 4.51 | 22.02 | 26.53 | NOTE | |
r-release-macos-arm64 | 0.3.2 | 19.00 | NOTE | |||
r-release-macos-x86_64 | 0.3.2 | 26.00 | NOTE | |||
r-release-windows-x86_64 | 0.3.2 | 6.00 | 48.00 | 54.00 | NOTE | |
r-oldrel-macos-arm64 | 0.3.2 | 19.00 | NOTE | |||
r-oldrel-macos-x86_64 | 0.3.2 | 24.00 | NOTE | |||
r-oldrel-windows-x86_64 | 0.3.2 | 7.00 | 47.00 | 54.00 | NOTE |
Version: 0.3.2
Check: Rd cross-references
Result: NOTE
Found the following Rd file(s) with Rd \link{} targets missing package
anchors:
authorize.Rd: oauth2.0_token
Please provide package anchors for all Rd \link{} targets not in the
package itself and the base packages.
Flavors: r-devel-linux-x86_64-debian-clang, r-devel-linux-x86_64-debian-gcc, r-devel-windows-x86_64
Version: 0.3.2
Check: LazyData
Result: NOTE
'LazyData' is specified without a 'data' directory
Flavors: r-patched-linux-x86_64, r-release-linux-x86_64, r-release-macos-arm64, r-release-macos-x86_64, r-release-windows-x86_64, r-oldrel-macos-arm64, r-oldrel-macos-x86_64, r-oldrel-windows-x86_64