Last updated on 2025-02-21 02:52:23 CET.
Flavor | Version | Tinstall | Tcheck | Ttotal | Status | Flags |
---|---|---|---|---|---|---|
r-devel-linux-x86_64-debian-clang | 0.3.1 | 4.47 | 38.37 | 42.84 | NOTE | |
r-devel-linux-x86_64-debian-gcc | 0.3.1 | 3.17 | 28.65 | 31.82 | NOTE | |
r-devel-linux-x86_64-fedora-clang | 0.3.1 | 67.06 | NOTE | |||
r-devel-linux-x86_64-fedora-gcc | 0.3.1 | 77.70 | NOTE | |||
r-devel-macos-arm64 | 0.3.1 | 28.00 | OK | |||
r-devel-macos-x86_64 | 0.3.1 | 43.00 | NOTE | |||
r-devel-windows-x86_64 | 0.3.1 | 6.00 | 57.00 | 63.00 | NOTE | |
r-patched-linux-x86_64 | 0.3.1 | 4.53 | 35.22 | 39.75 | OK | |
r-release-linux-x86_64 | 0.3.1 | 3.68 | 35.16 | 38.84 | OK | |
r-release-macos-arm64 | 0.3.1 | 38.00 | OK | |||
r-release-macos-x86_64 | 0.3.1 | 57.00 | OK | |||
r-release-windows-x86_64 | 0.3.1 | 6.00 | 56.00 | 62.00 | OK | |
r-oldrel-macos-arm64 | 0.3.1 | 40.00 | OK | |||
r-oldrel-macos-x86_64 | 0.3.1 | 52.00 | OK | |||
r-oldrel-windows-x86_64 | 0.3.1 | 8.00 | 58.00 | 66.00 | OK |
Version: 0.3.1
Check: DESCRIPTION meta-information
Result: NOTE
Missing dependency on R >= 4.1.0 because package code uses the pipe
|> or function shorthand \(...) syntax added in R 4.1.0.
File(s) using such syntax:
‘population_utils.R’
Flavors: r-devel-linux-x86_64-debian-clang, r-devel-linux-x86_64-debian-gcc, r-devel-linux-x86_64-fedora-clang, r-devel-linux-x86_64-fedora-gcc, r-devel-macos-x86_64, r-devel-windows-x86_64