Last updated on 2025-02-21 02:52:23 CET.
Flavor | Version | Tinstall | Tcheck | Ttotal | Status | Flags |
---|---|---|---|---|---|---|
r-devel-linux-x86_64-debian-clang | 4-16 | 9.00 | 26.93 | 35.93 | NOTE | |
r-devel-linux-x86_64-debian-gcc | 4-16 | 7.89 | 21.13 | 29.02 | NOTE | |
r-devel-linux-x86_64-fedora-clang | 4-16 | 62.07 | NOTE | |||
r-devel-linux-x86_64-fedora-gcc | 4-16 | 59.48 | NOTE | |||
r-devel-macos-arm64 | 4-16 | 30.00 | OK | |||
r-devel-macos-x86_64 | 4-16 | 70.00 | OK | |||
r-devel-windows-x86_64 | 4-16 | 18.00 | 76.00 | 94.00 | OK | |
r-patched-linux-x86_64 | 4-16 | 8.77 | 25.09 | 33.86 | OK | |
r-release-linux-x86_64 | 4-16 | 7.81 | 25.12 | 32.93 | OK | |
r-release-macos-arm64 | 4-16 | 11.00 | OK | |||
r-release-macos-x86_64 | 4-16 | 97.00 | OK | |||
r-release-windows-x86_64 | 4-16 | 21.00 | 69.00 | 90.00 | OK | |
r-oldrel-macos-arm64 | 4-16 | 40.00 | OK | |||
r-oldrel-macos-x86_64 | 4-16 | 71.00 | OK | |||
r-oldrel-windows-x86_64 | 4-16 | 21.00 | 66.00 | 87.00 | OK |
Version: 4-16
Check: top-level files
Result: NOTE
possible bashism in configure.ac line 24 (test -a/-o):
if test [ -z "${JAGS_LIBS}" -a -z "${JAGS_CFLAGS}" ] ; then
Flavors: r-devel-linux-x86_64-debian-clang, r-devel-linux-x86_64-debian-gcc, r-devel-linux-x86_64-fedora-clang, r-devel-linux-x86_64-fedora-gcc