Last updated on 2025-02-21 02:52:23 CET.
Flavor | Version | Tinstall | Tcheck | Ttotal | Status | Flags |
---|---|---|---|---|---|---|
r-devel-linux-x86_64-debian-clang | 1.0.1 | 107.95 | 85.77 | 193.72 | OK | |
r-devel-linux-x86_64-debian-gcc | 1.0.1 | 89.99 | 61.88 | 151.87 | OK | |
r-devel-linux-x86_64-fedora-clang | 1.0.1 | 315.45 | OK | |||
r-devel-linux-x86_64-fedora-gcc | 1.0.1 | 369.26 | OK | |||
r-devel-macos-arm64 | 1.0.1 | 72.00 | OK | |||
r-devel-macos-x86_64 | 1.0.1 | 171.00 | OK | |||
r-devel-windows-x86_64 | 1.0.1 | 106.00 | 130.00 | 236.00 | OK | |
r-patched-linux-x86_64 | 1.0.1 | 129.12 | 87.69 | 216.81 | OK | |
r-release-linux-x86_64 | 1.0.1 | 131.33 | 86.34 | 217.67 | OK | |
r-release-macos-arm64 | 1.0.1 | 81.00 | NOTE | |||
r-release-macos-x86_64 | 1.0.1 | 249.00 | NOTE | |||
r-release-windows-x86_64 | 1.0.1 | 112.00 | 130.00 | 242.00 | OK | |
r-oldrel-macos-arm64 | 1.0.1 | 96.00 | NOTE | |||
r-oldrel-macos-x86_64 | 1.0.1 | 218.00 | NOTE | |||
r-oldrel-windows-x86_64 | 1.0.1 | 136.00 | 173.00 | 309.00 | OK |
Version: 1.0.1
Check: installed package size
Result: NOTE
installed size is 44.8Mb
sub-directories of 1Mb or more:
libs 44.2Mb
Flavors: r-release-macos-arm64, r-release-macos-x86_64, r-oldrel-macos-arm64, r-oldrel-macos-x86_64