Last updated on 2025-02-21 02:52:23 CET.
Flavor | Version | Tinstall | Tcheck | Ttotal | Status | Flags |
---|---|---|---|---|---|---|
r-devel-linux-x86_64-debian-clang | 5.2.1-30 | 294.12 | 44.58 | 338.70 | OK | |
r-devel-linux-x86_64-debian-gcc | 5.2.1-30 | 161.00 | 33.17 | 194.17 | OK | |
r-devel-linux-x86_64-fedora-clang | 5.2.1-30 | 534.45 | OK | |||
r-devel-linux-x86_64-fedora-gcc | 5.2.1-30 | 483.69 | OK | |||
r-devel-macos-arm64 | 5.2.1-30 | 167.00 | OK | |||
r-devel-macos-x86_64 | 5.2.1-30 | 193.00 | OK | |||
r-devel-windows-x86_64 | 5.2.1-30 | 267.00 | 109.00 | 376.00 | OK | |
r-patched-linux-x86_64 | 5.2.1-30 | 225.45 | 43.13 | 268.58 | NOTE | |
r-release-linux-x86_64 | 5.2.1-30 | 223.25 | 42.76 | 266.01 | NOTE | |
r-release-macos-arm64 | 5.2.1-30 | 205.00 | NOTE | |||
r-release-macos-x86_64 | 5.2.1-30 | 182.00 | NOTE | |||
r-release-windows-x86_64 | 5.2.1-30 | 272.00 | 94.00 | 366.00 | NOTE | |
r-oldrel-macos-arm64 | 5.2.1-30 | 209.00 | NOTE | |||
r-oldrel-macos-x86_64 | 5.2.1-30 | 180.00 | NOTE | |||
r-oldrel-windows-x86_64 | 5.2.1-30 | 304.00 | 135.00 | 439.00 | NOTE |
Version: 5.2.1-30
Check: for GNU extensions in Makefiles
Result: NOTE
GNU make is a SystemRequirements.
Flavors: r-patched-linux-x86_64, r-release-linux-x86_64, r-release-macos-arm64, r-release-macos-x86_64, r-release-windows-x86_64, r-oldrel-macos-arm64, r-oldrel-macos-x86_64, r-oldrel-windows-x86_64
Version: 5.2.1-30
Check: installed package size
Result: NOTE
installed size is 12.2Mb
sub-directories of 1Mb or more:
libs 11.9Mb
Flavors: r-release-macos-arm64, r-release-macos-x86_64, r-oldrel-macos-arm64, r-oldrel-macos-x86_64