Last updated on 2025-02-21 02:52:23 CET.
Flavor | Version | Tinstall | Tcheck | Ttotal | Status | Flags |
---|---|---|---|---|---|---|
r-devel-linux-x86_64-debian-clang | 2.4.0 | 6.71 | 52.15 | 58.86 | NOTE | |
r-devel-linux-x86_64-debian-gcc | 2.4.0 | 5.20 | 38.87 | 44.07 | NOTE | |
r-devel-linux-x86_64-fedora-clang | 2.4.0 | 93.97 | NOTE | |||
r-devel-linux-x86_64-fedora-gcc | 2.4.0 | 101.63 | NOTE | |||
r-devel-macos-arm64 | 2.4.0 | 36.00 | NOTE | |||
r-devel-macos-x86_64 | 2.4.0 | 68.00 | NOTE | |||
r-devel-windows-x86_64 | 2.4.0 | 8.00 | 69.00 | 77.00 | NOTE | |
r-patched-linux-x86_64 | 2.4.0 | 6.35 | 48.49 | 54.84 | NOTE | |
r-release-linux-x86_64 | 2.4.0 | 6.68 | 48.86 | 55.54 | NOTE | |
r-release-macos-arm64 | 2.4.0 | 37.00 | NOTE | |||
r-release-macos-x86_64 | 2.4.0 | 54.00 | NOTE | |||
r-release-windows-x86_64 | 2.4.0 | 8.00 | 68.00 | 76.00 | NOTE | |
r-oldrel-macos-arm64 | 2.4.0 | 39.00 | OK | |||
r-oldrel-macos-x86_64 | 2.4.0 | 48.00 | OK | |||
r-oldrel-windows-x86_64 | 2.4.0 | 10.00 | 71.00 | 81.00 | OK |
Version: 2.4.0
Check: Rd files
Result: NOTE
checkRd: (-1) myTarGetClientList.Rd:33: Lost braces
33 | {MyTarget API Documenation}{https://target.my.com/doc/api/detailed/#resource_agency_clients}
| ^
Flavors: r-devel-linux-x86_64-debian-clang, r-devel-linux-x86_64-debian-gcc, r-devel-linux-x86_64-fedora-clang, r-devel-linux-x86_64-fedora-gcc, r-devel-macos-arm64, r-devel-macos-x86_64, r-devel-windows-x86_64, r-patched-linux-x86_64, r-release-linux-x86_64, r-release-macos-arm64, r-release-macos-x86_64, r-release-windows-x86_64