Last updated on 2024-05-21 14:57:22 CEST.
Flavor | Version | Tinstall | Tcheck | Ttotal | Status | Flags |
---|---|---|---|---|---|---|
r-devel-linux-x86_64-debian-clang | 0.8.7 | 183.16 | 38.32 | 221.48 | NOTE | |
r-devel-linux-x86_64-debian-gcc | 0.8.7 | 168.16 | 28.82 | 196.98 | NOTE | |
r-devel-linux-x86_64-fedora-clang | 0.8.7 | 359.43 | NOTE | |||
r-devel-linux-x86_64-fedora-gcc | 0.8.7 | 416.77 | NOTE | |||
r-devel-windows-x86_64 | 0.8.7 | 163.00 | 81.00 | 244.00 | NOTE | |
r-patched-linux-x86_64 | 0.8.7 | 232.99 | 36.78 | 269.77 | NOTE | |
r-release-linux-x86_64 | 0.8.7 | 232.56 | 35.73 | 268.29 | NOTE | |
r-release-macos-arm64 | 0.8.7 | 73.00 | NOTE | |||
r-release-windows-x86_64 | 0.8.7 | 165.00 | 86.00 | 251.00 | NOTE | |
r-oldrel-macos-arm64 | 0.8.7 | 95.00 | NOTE | |||
r-oldrel-macos-x86_64 | 0.8.7 | 164.00 | NOTE | |||
r-oldrel-windows-x86_64 | 0.8.7 | 197.00 | 95.00 | 292.00 | OK |
Version: 0.8.7
Check: Rd files
Result: NOTE
checkRd: (-1) rncl.Rd:53-55: Lost braces in \itemize; \value handles \item{}{} directly
checkRd: (-1) rncl.Rd:57: Lost braces in \itemize; \value handles \item{}{} directly
checkRd: (-1) rncl.Rd:59-63: Lost braces in \itemize; \value handles \item{}{} directly
checkRd: (-1) rncl.Rd:65-71: Lost braces in \itemize; \value handles \item{}{} directly
checkRd: (-1) rncl.Rd:73-78: Lost braces in \itemize; \value handles \item{}{} directly
checkRd: (-1) rncl.Rd:80-84: Lost braces in \itemize; \value handles \item{}{} directly
checkRd: (-1) rncl.Rd:86-90: Lost braces in \itemize; \value handles \item{}{} directly
checkRd: (-1) rncl.Rd:92-93: Lost braces in \itemize; \value handles \item{}{} directly
checkRd: (-1) rncl.Rd:95-96: Lost braces in \itemize; \value handles \item{}{} directly
checkRd: (-1) rncl.Rd:98-99: Lost braces in \itemize; \value handles \item{}{} directly
checkRd: (-1) rncl.Rd:101-102: Lost braces in \itemize; \value handles \item{}{} directly
checkRd: (-1) rncl.Rd:104-105: Lost braces in \itemize; \value handles \item{}{} directly
checkRd: (-1) rncl.Rd:107-110: Lost braces in \itemize; \value handles \item{}{} directly
checkRd: (-1) rncl.Rd:112-115: Lost braces in \itemize; \value handles \item{}{} directly
checkRd: (-1) rncl.Rd:117-119: Lost braces in \itemize; \value handles \item{}{} directly
checkRd: (-1) rncl.Rd:121-124: Lost braces in \itemize; \value handles \item{}{} directly
Flavors: r-devel-linux-x86_64-debian-clang, r-devel-linux-x86_64-debian-gcc, r-devel-linux-x86_64-fedora-clang, r-devel-linux-x86_64-fedora-gcc, r-devel-windows-x86_64, r-patched-linux-x86_64, r-release-linux-x86_64, r-release-macos-arm64, r-release-windows-x86_64
Version: 0.8.7
Check: installed package size
Result: NOTE
installed size is 18.7Mb
sub-directories of 1Mb or more:
libs 18.5Mb
Flavors: r-release-macos-arm64, r-oldrel-macos-arm64, r-oldrel-macos-x86_64