CRAN Package Check Results for Package rnetcarto

Last updated on 2025-02-21 02:52:23 CET.

Flavor Version Tinstall Tcheck Ttotal Status Flags
r-devel-linux-x86_64-debian-clang 0.2.6 4.68 25.26 29.94 OK
r-devel-linux-x86_64-debian-gcc 0.2.6 4.06 20.60 24.66 OK
r-devel-linux-x86_64-fedora-clang 0.2.6 48.83 NOTE
r-devel-linux-x86_64-fedora-gcc 0.2.6 60.93 NOTE
r-devel-macos-arm64 0.2.6 29.00 OK
r-devel-macos-x86_64 0.2.6 53.00 OK
r-devel-windows-x86_64 0.2.6 7.00 48.00 55.00 OK
r-patched-linux-x86_64 0.2.6 4.30 24.15 28.45 OK
r-release-linux-x86_64 0.2.6 4.25 23.70 27.95 OK
r-release-macos-arm64 0.2.6 29.00 OK
r-release-macos-x86_64 0.2.6 45.00 OK
r-release-windows-x86_64 0.2.6 8.00 47.00 55.00 OK
r-oldrel-macos-arm64 0.2.6 26.00 OK
r-oldrel-macos-x86_64 0.2.6 46.00 OK
r-oldrel-windows-x86_64 0.2.6 9.00 62.00 71.00 OK

Check Details

Version: 0.2.6
Check: compiled code
Result: NOTE File ‘rnetcarto/libs/rnetcarto.so’: Found no calls to: ‘R_registerRoutines’, ‘R_useDynamicSymbols’ It is good practice to register native routines and to disable symbol search. See ‘Writing portable packages’ in the ‘Writing R Extensions’ manual. Flavors: r-devel-linux-x86_64-fedora-clang, r-devel-linux-x86_64-fedora-gcc