Last updated on 2024-05-21 14:57:22 CEST.
Flavor | Version | Tinstall | Tcheck | Ttotal | Status | Flags |
---|---|---|---|---|---|---|
r-devel-linux-x86_64-debian-clang | 0.2.6 | 5.68 | 31.11 | 36.79 | OK | |
r-devel-linux-x86_64-debian-gcc | 0.2.6 | 4.51 | 24.74 | 29.25 | OK | |
r-devel-linux-x86_64-fedora-clang | 0.2.6 | 49.18 | NOTE | |||
r-devel-linux-x86_64-fedora-gcc | 0.2.6 | 60.38 | NOTE | |||
r-devel-windows-x86_64 | 0.2.6 | 8.00 | 49.00 | 57.00 | OK | |
r-patched-linux-x86_64 | 0.2.6 | 5.38 | 31.06 | 36.44 | OK | |
r-release-linux-x86_64 | 0.2.6 | 5.33 | 30.98 | 36.31 | OK | |
r-release-macos-arm64 | 0.2.6 | 29.00 | OK | |||
r-release-windows-x86_64 | 0.2.6 | 8.00 | 50.00 | 58.00 | OK | |
r-oldrel-macos-arm64 | 0.2.6 | 26.00 | OK | |||
r-oldrel-macos-x86_64 | 0.2.6 | 46.00 | OK | |||
r-oldrel-windows-x86_64 | 0.2.6 | 8.00 | 49.00 | 57.00 | OK |
Version: 0.2.6
Check: compiled code
Result: NOTE
File ‘rnetcarto/libs/rnetcarto.so’:
Found no calls to: ‘R_registerRoutines’, ‘R_useDynamicSymbols’
It is good practice to register native routines and to disable symbol
search.
See ‘Writing portable packages’ in the ‘Writing R Extensions’ manual.
Flavors: r-devel-linux-x86_64-fedora-clang, r-devel-linux-x86_64-fedora-gcc