CRAN Package Check Results for Package rnn

Last updated on 2025-02-21 02:52:23 CET.

Flavor Version Tinstall Tcheck Ttotal Status Flags
r-devel-linux-x86_64-debian-clang 1.9.0 2.88 187.47 190.35 OK
r-devel-linux-x86_64-debian-gcc 1.9.0 2.39 104.85 107.24 OK
r-devel-linux-x86_64-fedora-clang 1.9.0 308.60 NOTE
r-devel-linux-x86_64-fedora-gcc 1.9.0 316.36 NOTE
r-devel-macos-arm64 1.9.0 77.00 OK
r-devel-macos-x86_64 1.9.0 166.00 OK
r-devel-windows-x86_64 1.9.0 4.00 170.00 174.00 OK
r-patched-linux-x86_64 1.9.0 2.52 170.65 173.17 OK
r-release-linux-x86_64 1.9.0 2.60 169.81 172.41 OK
r-release-macos-arm64 1.9.0 70.00 OK
r-release-macos-x86_64 1.9.0 142.00 OK
r-release-windows-x86_64 1.9.0 4.00 171.00 175.00 OK
r-oldrel-macos-arm64 1.9.0 90.00 OK
r-oldrel-macos-x86_64 1.9.0 253.00 OK
r-oldrel-windows-x86_64 1.9.0 6.00 212.00 218.00 OK

Check Details

Version: 1.9.0
Check: dependencies in R code
Result: NOTE Namespace in Imports field not imported from: ‘attention’ All declared Imports should be used. Flavors: r-devel-linux-x86_64-fedora-clang, r-devel-linux-x86_64-fedora-gcc