Last updated on 2025-02-21 02:52:23 CET.
Flavor | Version | Tinstall | Tcheck | Ttotal | Status | Flags |
---|---|---|---|---|---|---|
r-devel-linux-x86_64-debian-clang | 2.11.3 | 9.40 | 77.81 | 87.21 | OK | |
r-devel-linux-x86_64-debian-gcc | 2.11.3 | 6.47 | 58.15 | 64.62 | OK | |
r-devel-linux-x86_64-fedora-clang | 2.11.3 | 137.01 | NOTE | |||
r-devel-linux-x86_64-fedora-gcc | 2.11.3 | 143.75 | NOTE | |||
r-devel-macos-arm64 | 2.11.3 | 66.00 | OK | |||
r-devel-macos-x86_64 | 2.11.3 | 108.00 | OK | |||
r-devel-windows-x86_64 | 2.11.3 | 10.00 | 95.00 | 105.00 | OK | |
r-patched-linux-x86_64 | 2.11.3 | 7.79 | 71.03 | 78.82 | OK | |
r-release-linux-x86_64 | 2.11.3 | 8.67 | 70.91 | 79.58 | OK | |
r-release-macos-arm64 | 2.11.3 | 62.00 | OK | |||
r-release-macos-x86_64 | 2.11.3 | 134.00 | OK | |||
r-release-windows-x86_64 | 2.11.3 | 12.00 | 93.00 | 105.00 | OK | |
r-oldrel-macos-arm64 | 2.11.3 | 59.00 | OK | |||
r-oldrel-macos-x86_64 | 2.11.3 | 81.00 | OK | |||
r-oldrel-windows-x86_64 | 2.11.3 | 12.00 | 128.00 | 140.00 | OK |
Version: 2.11.3
Check: dependencies in R code
Result: NOTE
Namespace in Imports field not imported from: ‘memoise’
All declared Imports should be used.
Flavors: r-devel-linux-x86_64-fedora-clang, r-devel-linux-x86_64-fedora-gcc