Last updated on 2025-02-21 02:52:23 CET.
Flavor | Version | Tinstall | Tcheck | Ttotal | Status | Flags |
---|---|---|---|---|---|---|
r-devel-linux-x86_64-debian-clang | 0.3 | 6.14 | 55.81 | 61.95 | NOTE | |
r-devel-linux-x86_64-debian-gcc | 0.3 | 4.93 | 40.37 | 45.30 | NOTE | |
r-devel-linux-x86_64-fedora-clang | 0.3 | 97.03 | OK | |||
r-devel-linux-x86_64-fedora-gcc | 0.3 | 93.56 | OK | |||
r-devel-macos-arm64 | 0.3 | 33.00 | OK | |||
r-devel-macos-x86_64 | 0.3 | 58.00 | OK | |||
r-devel-windows-x86_64 | 0.3 | 9.00 | 68.00 | 77.00 | NOTE | |
r-patched-linux-x86_64 | 0.3 | 10.82 | 50.75 | 61.57 | OK | |
r-release-linux-x86_64 | 0.3 | 5.08 | 50.47 | 55.55 | OK | |
r-release-macos-arm64 | 0.3 | 31.00 | OK | |||
r-release-macos-x86_64 | 0.3 | 46.00 | OK | |||
r-release-windows-x86_64 | 0.3 | 9.00 | 68.00 | 77.00 | OK | |
r-oldrel-macos-arm64 | 0.3 | 32.00 | OK | |||
r-oldrel-macos-x86_64 | 0.3 | 50.00 | OK | |||
r-oldrel-windows-x86_64 | 0.3 | 10.00 | 82.00 | 92.00 | OK |
Version: 0.3
Check: Rd cross-references
Result: NOTE
Found the following Rd file(s) with Rd \link{} targets missing package
anchors:
robreg3S.Rd: GSE
simulation-tools.Rd: generate.randcorr
Please provide package anchors for all Rd \link{} targets not in the
package itself and the base packages.
Flavors: r-devel-linux-x86_64-debian-clang, r-devel-linux-x86_64-debian-gcc, r-devel-windows-x86_64