CRAN Package Check Results for Package rocNIT

Last updated on 2025-02-18 02:50:48 CET.

Flavor Version Tinstall Tcheck Ttotal Status Flags
r-devel-linux-x86_64-debian-clang 1.0 1.66 16.55 18.21 OK
r-devel-linux-x86_64-debian-gcc 1.0 1.31 13.30 14.61 OK
r-devel-linux-x86_64-fedora-clang 1.0 29.68 OK
r-devel-linux-x86_64-fedora-gcc 1.0 27.66 OK
r-devel-macos-arm64 1.0 13.00 OK
r-devel-macos-x86_64 1.0 20.00 OK
r-devel-windows-x86_64 1.0 2.00 35.00 37.00 OK
r-patched-linux-x86_64 1.0 1.64 15.73 17.37 NOTE
r-release-linux-x86_64 1.0 1.47 15.82 17.29 NOTE
r-release-macos-arm64 1.0 14.00 NOTE
r-release-macos-x86_64 1.0 18.00 NOTE
r-release-windows-x86_64 1.0 2.00 35.00 37.00 NOTE
r-oldrel-macos-arm64 1.0 13.00 NOTE
r-oldrel-macos-x86_64 1.0 17.00 NOTE
r-oldrel-windows-x86_64 1.0 3.00 35.00 38.00 NOTE

Check Details

Version: 1.0
Check: LazyData
Result: NOTE 'LazyData' is specified without a 'data' directory Flavors: r-patched-linux-x86_64, r-release-linux-x86_64, r-release-macos-arm64, r-release-macos-x86_64, r-release-windows-x86_64, r-oldrel-macos-arm64, r-oldrel-macos-x86_64, r-oldrel-windows-x86_64