Last updated on 2025-02-21 02:52:23 CET.
Flavor | Version | Tinstall | Tcheck | Ttotal | Status | Flags |
---|---|---|---|---|---|---|
r-devel-linux-x86_64-debian-clang | 1.1.7 | 46.89 | 26.07 | 72.96 | OK | |
r-devel-linux-x86_64-debian-gcc | 1.1.7 | 38.77 | 20.91 | 59.68 | OK | |
r-devel-linux-x86_64-fedora-clang | 1.1.7 | 119.92 | OK | |||
r-devel-linux-x86_64-fedora-gcc | 1.1.7 | 137.18 | OK | |||
r-devel-macos-arm64 | 1.1.7 | 35.00 | OK | |||
r-devel-macos-x86_64 | 1.1.7 | 60.00 | OK | |||
r-devel-windows-x86_64 | 1.1.7 | 53.00 | 74.00 | 127.00 | OK | |
r-patched-linux-x86_64 | 1.1.7 | 48.50 | 25.10 | 73.60 | NOTE | |
r-release-linux-x86_64 | 1.1.7 | 50.99 | 24.90 | 75.89 | NOTE | |
r-release-macos-arm64 | 1.1.7 | 27.00 | NOTE | |||
r-release-macos-x86_64 | 1.1.7 | 40.00 | NOTE | |||
r-release-windows-x86_64 | 1.1.7 | 54.00 | 70.00 | 124.00 | NOTE | |
r-oldrel-macos-arm64 | 1.1.7 | 40.00 | NOTE | |||
r-oldrel-macos-x86_64 | 1.1.7 | 88.00 | NOTE | |||
r-oldrel-windows-x86_64 | 1.1.7 | 62.00 | 104.00 | 166.00 | NOTE |
Version: 1.1.7
Check: for GNU extensions in Makefiles
Result: NOTE
GNU make is a SystemRequirements.
Flavors: r-patched-linux-x86_64, r-release-linux-x86_64, r-release-macos-arm64, r-release-macos-x86_64, r-release-windows-x86_64, r-oldrel-macos-arm64, r-oldrel-macos-x86_64, r-oldrel-windows-x86_64
Version: 1.1.7
Check: installed package size
Result: NOTE
installed size is 6.0Mb
sub-directories of 1Mb or more:
libs 5.5Mb
Flavors: r-release-macos-arm64, r-release-macos-x86_64, r-oldrel-macos-arm64, r-oldrel-macos-x86_64