Last updated on 2024-05-21 14:57:23 CEST.
Flavor | Version | Tinstall | Tcheck | Ttotal | Status | Flags |
---|---|---|---|---|---|---|
r-devel-linux-x86_64-debian-clang | 0.3.2 | 3.30 | 34.23 | 37.53 | OK | |
r-devel-linux-x86_64-debian-gcc | 0.3.2 | 2.00 | 26.09 | 28.09 | OK | |
r-devel-linux-x86_64-fedora-clang | 0.3.2 | 46.40 | NOTE | |||
r-devel-linux-x86_64-fedora-gcc | 0.3.2 | 43.73 | OK | |||
r-devel-windows-x86_64 | 0.3.2 | 3.00 | 50.00 | 53.00 | OK | |
r-patched-linux-x86_64 | 0.3.2 | 2.43 | 32.86 | 35.29 | OK | |
r-release-linux-x86_64 | 0.3.2 | 2.64 | 32.08 | 34.72 | OK | |
r-release-macos-arm64 | 0.3.2 | 25.00 | OK | |||
r-release-windows-x86_64 | 0.3.2 | 3.00 | 50.00 | 53.00 | OK | |
r-oldrel-macos-arm64 | 0.3.2 | 22.00 | OK | |||
r-oldrel-macos-x86_64 | 0.3.2 | 34.00 | OK | |||
r-oldrel-windows-x86_64 | 0.3.2 | 4.00 | 50.00 | 54.00 | OK |
Version: 0.3.2
Check: Rd cross-references
Result: NOTE
Undeclared package ‘rsoi’ in Rd xrefs
Flavor: r-devel-linux-x86_64-fedora-clang