Last updated on 2025-02-20 14:51:07 CET.
Flavor | Version | Tinstall | Tcheck | Ttotal | Status | Flags |
---|---|---|---|---|---|---|
r-devel-linux-x86_64-debian-clang | 1.0.14 | 121.48 | 81.17 | 202.65 | OK | |
r-devel-linux-x86_64-debian-gcc | 1.0.14 | 92.59 | 62.82 | 155.41 | OK | |
r-devel-linux-x86_64-fedora-clang | 1.0.14 | 342.66 | OK | |||
r-devel-linux-x86_64-fedora-gcc | 1.0.14 | 387.19 | OK | |||
r-devel-macos-arm64 | 1.0.14 | 88.00 | OK | |||
r-devel-macos-x86_64 | 1.0.14 | 136.00 | OK | |||
r-devel-windows-x86_64 | 1.0.14 | 110.00 | 131.00 | 241.00 | OK | |
r-patched-linux-x86_64 | 1.0.14 | 128.40 | 83.10 | 211.50 | OK | |
r-release-linux-x86_64 | 1.0.14 | 131.89 | 83.71 | 215.60 | OK | |
r-release-macos-arm64 | 1.0.14 | 91.00 | NOTE | |||
r-release-macos-x86_64 | 1.0.14 | 116.00 | NOTE | |||
r-release-windows-x86_64 | 1.0.14 | 109.00 | 144.00 | 253.00 | OK | |
r-oldrel-macos-arm64 | 1.0.14 | 96.00 | NOTE | |||
r-oldrel-macos-x86_64 | 1.0.14 | 143.00 | NOTE | |||
r-oldrel-windows-x86_64 | 1.0.14 | 137.00 | 142.00 | 279.00 | OK |
Version: 1.0.14
Check: installed package size
Result: NOTE
installed size is 26.6Mb
sub-directories of 1Mb or more:
libs 25.7Mb
Flavors: r-release-macos-arm64, r-release-macos-x86_64, r-oldrel-macos-arm64, r-oldrel-macos-x86_64