Last updated on 2025-02-21 02:52:23 CET.
Flavor | Version | Tinstall | Tcheck | Ttotal | Status | Flags |
---|---|---|---|---|---|---|
r-devel-linux-x86_64-debian-clang | 0.7-3 | 178.69 | 134.64 | 313.33 | OK | |
r-devel-linux-x86_64-debian-gcc | 0.7-3 | 125.03 | 88.51 | 213.54 | OK | |
r-devel-linux-x86_64-fedora-clang | 0.7-3 | 618.38 | OK | |||
r-devel-linux-x86_64-fedora-gcc | 0.7-3 | 550.61 | OK | |||
r-devel-macos-arm64 | 0.7-3 | 111.00 | OK | |||
r-devel-macos-x86_64 | 0.7-3 | 170.00 | OK | |||
r-devel-windows-x86_64 | 0.7-3 | 190.00 | 177.00 | 367.00 | OK | |
r-patched-linux-x86_64 | 0.7-3 | 171.11 | 130.00 | 301.11 | OK | |
r-release-linux-x86_64 | 0.7-3 | 173.16 | 129.11 | 302.27 | OK | |
r-release-macos-arm64 | 0.7-3 | 125.00 | NOTE | |||
r-release-macos-x86_64 | 0.7-3 | 168.00 | NOTE | |||
r-release-windows-x86_64 | 0.7-3 | 196.00 | 171.00 | 367.00 | OK | |
r-oldrel-macos-arm64 | 0.7-3 | 138.00 | NOTE | |||
r-oldrel-macos-x86_64 | 0.7-3 | 247.00 | NOTE | |||
r-oldrel-windows-x86_64 | 0.7-3 | 236.00 | 204.00 | 440.00 | OK |
Version: 0.7-3
Check: installed package size
Result: NOTE
installed size is 5.3Mb
sub-directories of 1Mb or more:
libs 4.8Mb
Flavors: r-release-macos-arm64, r-release-macos-x86_64, r-oldrel-macos-arm64, r-oldrel-macos-x86_64