Last updated on 2025-02-21 02:52:23 CET.
Flavor | Version | Tinstall | Tcheck | Ttotal | Status | Flags |
---|---|---|---|---|---|---|
r-devel-linux-x86_64-debian-clang | 0.5.1 | 58.04 | 45.29 | 103.33 | OK | |
r-devel-linux-x86_64-debian-gcc | 0.5.1 | 43.74 | 33.38 | 77.12 | OK | |
r-devel-linux-x86_64-fedora-clang | 0.5.1 | 177.63 | OK | |||
r-devel-linux-x86_64-fedora-gcc | 0.5.1 | 190.23 | OK | |||
r-devel-macos-arm64 | 0.5.1 | 50.00 | OK | |||
r-devel-macos-x86_64 | 0.5.1 | 75.00 | OK | |||
r-devel-windows-x86_64 | 0.5.1 | 61.00 | 86.00 | 147.00 | OK | |
r-patched-linux-x86_64 | 0.5.1 | 63.10 | 42.78 | 105.88 | OK | |
r-release-linux-x86_64 | 0.5.1 | 59.85 | 43.08 | 102.93 | OK | |
r-release-macos-arm64 | 0.5.1 | 49.00 | NOTE | |||
r-release-macos-x86_64 | 0.5.1 | 67.00 | NOTE | |||
r-release-windows-x86_64 | 0.5.1 | 61.00 | 89.00 | 150.00 | NOTE | |
r-oldrel-macos-arm64 | 0.5.1 | 55.00 | NOTE | |||
r-oldrel-macos-x86_64 | 0.5.1 | 96.00 | NOTE | |||
r-oldrel-windows-x86_64 | 0.5.1 | 76.00 | 100.00 | 176.00 | NOTE |
Version: 0.5.1
Check: installed package size
Result: NOTE
installed size is 9.9Mb
sub-directories of 1Mb or more:
data 2.3Mb
libs 6.0Mb
Flavors: r-release-macos-arm64, r-release-macos-x86_64, r-release-windows-x86_64, r-oldrel-macos-arm64, r-oldrel-macos-x86_64, r-oldrel-windows-x86_64