Last updated on 2024-05-21 14:57:23 CEST.
Flavor | Version | Tinstall | Tcheck | Ttotal | Status | Flags |
---|---|---|---|---|---|---|
r-devel-linux-x86_64-debian-clang | 0.9.22 | 3.83 | 185.04 | 188.87 | NOTE | |
r-devel-linux-x86_64-debian-gcc | 0.9.22 | 3.51 | 134.33 | 137.84 | NOTE | |
r-devel-linux-x86_64-fedora-clang | 0.9.22 | 229.14 | NOTE | |||
r-devel-linux-x86_64-fedora-gcc | 0.9.22 | 237.98 | NOTE | |||
r-devel-windows-x86_64 | 0.9.22 | 5.00 | 175.00 | 180.00 | NOTE | |
r-patched-linux-x86_64 | 0.9.22 | 11.53 | 179.82 | 191.35 | NOTE | |
r-release-linux-x86_64 | 0.9.22 | 3.29 | 180.05 | 183.34 | NOTE | |
r-release-macos-arm64 | 0.9.22 | 67.00 | NOTE | |||
r-release-windows-x86_64 | 0.9.22 | 5.00 | 172.00 | 177.00 | NOTE | |
r-oldrel-macos-arm64 | 0.9.22 | 80.00 | OK | |||
r-oldrel-macos-x86_64 | 0.9.22 | 115.00 | OK | |||
r-oldrel-windows-x86_64 | 0.9.22 | 6.00 | 194.00 | 200.00 | OK |
Version: 0.9.22
Check: Rd files
Result: NOTE
checkRd: (-1) rptBinary.Rd:89: Lost braces
89 | Note that the distribution might not be symmetrical, in which case the emph{se} is less informative.}
| ^
Flavors: r-devel-linux-x86_64-debian-clang, r-devel-linux-x86_64-debian-gcc, r-devel-linux-x86_64-fedora-clang, r-devel-linux-x86_64-fedora-gcc, r-devel-windows-x86_64, r-patched-linux-x86_64, r-release-linux-x86_64, r-release-macos-arm64, r-release-windows-x86_64
Version: 0.9.22
Check: dependencies in R code
Result: NOTE
Namespace in Imports field not imported from: ‘methods’
All declared Imports should be used.
Flavors: r-devel-linux-x86_64-fedora-clang, r-devel-linux-x86_64-fedora-gcc