CRAN Package Check Results for Package rreg

Last updated on 2025-02-20 14:51:07 CET.

Flavor Version Tinstall Tcheck Ttotal Status Flags
r-devel-linux-x86_64-debian-clang 0.2.1 4.51 48.65 53.16 NOTE
r-devel-linux-x86_64-debian-gcc 0.2.1 3.87 35.07 38.94 NOTE
r-devel-linux-x86_64-fedora-clang 0.2.1 82.75 NOTE
r-devel-linux-x86_64-fedora-gcc 0.2.1 79.24 NOTE
r-devel-macos-arm64 0.2.1 25.00 NOTE
r-devel-macos-x86_64 0.2.1 61.00 NOTE
r-devel-windows-x86_64 0.2.1 7.00 66.00 73.00 NOTE
r-patched-linux-x86_64 0.2.1 4.78 44.38 49.16 NOTE
r-release-linux-x86_64 0.2.1 4.43 44.44 48.87 NOTE
r-release-macos-arm64 0.2.1 28.00 NOTE
r-release-macos-x86_64 0.2.1 40.00 NOTE
r-release-windows-x86_64 0.2.1 7.00 63.00 70.00 NOTE
r-oldrel-macos-arm64 0.2.1 32.00 OK
r-oldrel-macos-x86_64 0.2.1 46.00 OK
r-oldrel-windows-x86_64 0.2.1 7.00 71.00 78.00 OK

Check Details

Version: 0.2.1
Check: Rd files
Result: NOTE checkRd: (-1) regrad.Rd:46: Lost braces; missing escapes or markup? 46 | \item \code{x-axis} {1st column: The names of the different institutions} | ^ checkRd: (-1) regrad.Rd:47: Lost braces; missing escapes or markup? 47 | \item \code{y-axis} {2nd column: The value to show completeness} | ^ Flavors: r-devel-linux-x86_64-debian-clang, r-devel-linux-x86_64-debian-gcc, r-devel-linux-x86_64-fedora-clang, r-devel-linux-x86_64-fedora-gcc, r-devel-macos-arm64, r-devel-macos-x86_64, r-devel-windows-x86_64, r-patched-linux-x86_64, r-release-linux-x86_64, r-release-macos-arm64, r-release-macos-x86_64, r-release-windows-x86_64