Last updated on 2025-02-21 02:52:24 CET.
Flavor | Version | Tinstall | Tcheck | Ttotal | Status | Flags |
---|---|---|---|---|---|---|
r-devel-linux-x86_64-debian-clang | 0.3.2 | 4.27 | 75.61 | 79.88 | NOTE | |
r-devel-linux-x86_64-debian-gcc | 0.3.2 | 3.26 | 51.22 | 54.48 | NOTE | |
r-devel-linux-x86_64-fedora-clang | 0.3.2 | 125.87 | NOTE | |||
r-devel-linux-x86_64-fedora-gcc | 0.3.2 | 135.56 | NOTE | |||
r-devel-macos-arm64 | 0.3.2 | 51.00 | OK | |||
r-devel-macos-x86_64 | 0.3.2 | 91.00 | NOTE | |||
r-devel-windows-x86_64 | 0.3.2 | 6.00 | 94.00 | 100.00 | NOTE | |
r-patched-linux-x86_64 | 0.3.2 | 3.65 | 70.74 | 74.39 | OK | |
r-release-linux-x86_64 | 0.3.2 | 4.10 | 70.36 | 74.46 | OK | |
r-release-macos-arm64 | 0.3.2 | 53.00 | OK | |||
r-release-macos-x86_64 | 0.3.2 | 84.00 | OK | |||
r-release-windows-x86_64 | 0.3.2 | 8.00 | 90.00 | 98.00 | OK | |
r-oldrel-macos-arm64 | 0.3.1 | 47.00 | OK | |||
r-oldrel-macos-x86_64 | 0.3.2 | 113.00 | OK | |||
r-oldrel-windows-x86_64 | 0.3.2 | 7.00 | 100.00 | 107.00 | OK |
Version: 0.3.2
Check: DESCRIPTION meta-information
Result: NOTE
Missing dependency on R >= 4.1.0 because package code uses the pipe
|> or function shorthand \(...) syntax added in R 4.1.0.
File(s) using such syntax:
‘get_stac_data.R’
Flavors: r-devel-linux-x86_64-debian-clang, r-devel-linux-x86_64-debian-gcc, r-devel-linux-x86_64-fedora-clang, r-devel-linux-x86_64-fedora-gcc, r-devel-macos-x86_64, r-devel-windows-x86_64