CRAN Package Check Results for Package rsparkling

Last updated on 2025-02-21 02:52:24 CET.

Flavor Version Tinstall Tcheck Ttotal Status Flags
r-devel-linux-x86_64-debian-clang 0.2.19 6.22 38.54 44.76 OK
r-devel-linux-x86_64-debian-gcc 0.2.19 4.85 27.06 31.91 OK
r-devel-linux-x86_64-fedora-clang 0.2.19 71.20 NOTE
r-devel-linux-x86_64-fedora-gcc 0.2.19 66.60 NOTE
r-devel-macos-arm64 0.2.19 23.00 OK
r-devel-macos-x86_64 0.2.19 43.00 OK
r-devel-windows-x86_64 0.2.19 8.00 44.00 52.00 OK
r-patched-linux-x86_64 0.2.19 5.22 35.52 40.74 NOTE
r-release-linux-x86_64 0.2.19 5.61 35.85 41.46 NOTE
r-release-macos-arm64 0.2.19 26.00 NOTE
r-release-macos-x86_64 0.2.19 32.00 NOTE
r-release-windows-x86_64 0.2.19 7.00 44.00 51.00 NOTE
r-oldrel-macos-arm64 0.2.19 25.00 NOTE
r-oldrel-macos-x86_64 0.2.19 37.00 NOTE
r-oldrel-windows-x86_64 0.2.19 9.00 53.00 62.00 NOTE

Check Details

Version: 0.2.19
Check: dependencies in R code
Result: NOTE Namespace in Imports field not imported from: ‘h2o’ All declared Imports should be used. Flavors: r-devel-linux-x86_64-fedora-clang, r-devel-linux-x86_64-fedora-gcc

Version: 0.2.19
Check: LazyData
Result: NOTE 'LazyData' is specified without a 'data' directory Flavors: r-patched-linux-x86_64, r-release-linux-x86_64, r-release-macos-arm64, r-release-macos-x86_64, r-release-windows-x86_64, r-oldrel-macos-arm64, r-oldrel-macos-x86_64, r-oldrel-windows-x86_64